CRAN Package Check Results for Package gwfa

Last updated on 2019-09-15 05:46:15 CEST.

Flavor Version Tinstall Tcheck Ttotal Status Flags
r-devel-linux-x86_64-debian-clang 0.0.4 18.69 34.59 53.28 OK
r-devel-linux-x86_64-debian-gcc 0.0.4 15.22 27.54 42.76 OK
r-devel-linux-x86_64-fedora-clang 0.0.4 72.15 NOTE
r-devel-linux-x86_64-fedora-gcc 0.0.4 68.24 NOTE
r-devel-windows-ix86+x86_64 0.0.4 56.00 68.00 124.00 OK
r-patched-linux-x86_64 0.0.4 17.47 33.25 50.72 OK
r-patched-solaris-x86 0.0.4 85.60 OK
r-release-linux-x86_64 0.0.4 16.23 33.27 49.50 OK
r-release-windows-ix86+x86_64 0.0.4 33.00 74.00 107.00 OK
r-release-osx-x86_64 0.0.4 OK
r-oldrel-windows-ix86+x86_64 0.0.4 47.00 66.00 113.00 OK
r-oldrel-osx-x86_64 0.0.4 OK

Check Details

Version: 0.0.4
Check: compiled code
Result: NOTE
    File ‘gwfa/libs/gwfa.so’:
     Found no calls to: ‘R_registerRoutines’, ‘R_useDynamicSymbols’
    
    It is good practice to register native routines and to disable symbol
    search.
    
    See ‘Writing portable packages’ in the ‘Writing R Extensions’ manual.
Flavors: r-devel-linux-x86_64-fedora-clang, r-devel-linux-x86_64-fedora-gcc