CRAN Package Check Results for Package gwfa

Last updated on 2019-06-24 05:58:03 CEST.

Flavor Version Tinstall Tcheck Ttotal Status Flags
r-devel-linux-x86_64-debian-clang 0.0.4 16.18 34.04 50.22 OK
r-devel-linux-x86_64-debian-gcc 0.0.4 15.10 27.21 42.31 OK
r-devel-linux-x86_64-fedora-clang 0.0.4 70.10 NOTE
r-devel-linux-x86_64-fedora-gcc 0.0.4 65.30 NOTE
r-devel-windows-ix86+x86_64 0.0.4 54.00 71.00 125.00 OK
r-patched-linux-x86_64 0.0.4 17.54 32.72 50.26 OK
r-patched-solaris-x86 0.0.4 90.90 OK
r-release-linux-x86_64 0.0.4 18.00 33.13 51.13 OK
r-release-windows-ix86+x86_64 0.0.4 37.00 89.00 126.00 OK
r-release-osx-x86_64 0.0.4 OK
r-oldrel-windows-ix86+x86_64 0.0.4 30.00 68.00 98.00 OK
r-oldrel-osx-x86_64 0.0.4 OK

Check Details

Version: 0.0.4
Check: compiled code
Result: NOTE
    File ‘gwfa/libs/gwfa.so’:
     Found no calls to: ‘R_registerRoutines’, ‘R_useDynamicSymbols’
    
    It is good practice to register native routines and to disable symbol
    search.
    
    See ‘Writing portable packages’ in the ‘Writing R Extensions’ manual.
Flavors: r-devel-linux-x86_64-fedora-clang, r-devel-linux-x86_64-fedora-gcc