Last updated on 2022-08-09 05:55:44 CEST.
Flavor | Version | Tinstall | Tcheck | Ttotal | Status | Flags |
---|---|---|---|---|---|---|
r-devel-linux-x86_64-debian-clang | 1.2.3 | 8.68 | 99.94 | 108.62 | NOTE | |
r-devel-linux-x86_64-debian-gcc | 1.2.3 | 5.68 | 74.85 | 80.53 | NOTE | |
r-devel-linux-x86_64-fedora-clang | 1.2.3 | 137.39 | NOTE | |||
r-devel-linux-x86_64-fedora-gcc | 1.2.3 | 136.30 | NOTE | |||
r-devel-windows-x86_64 | 1.2.3 | 24.00 | 138.00 | 162.00 | NOTE | |
r-patched-linux-x86_64 | 1.2.3 | 8.59 | 93.03 | 101.62 | OK | |
r-release-linux-x86_64 | 1.2.3 | OK | ||||
r-release-macos-arm64 | 1.2.3 | 45.00 | OK | |||
r-release-macos-x86_64 | 1.2.3 | 97.00 | OK | |||
r-release-windows-x86_64 | 1.2.3 | 42.00 | 133.00 | 175.00 | OK | |
r-oldrel-macos-arm64 | 1.2.3 | 43.00 | OK | |||
r-oldrel-macos-x86_64 | 1.2.3 | 65.00 | OK | |||
r-oldrel-windows-ix86+x86_64 | 1.2.3 | 22.00 | 138.00 | 160.00 | OK |
Version: 1.2.3
Check: package subdirectories
Result: NOTE
Problems with news in 'NEWS.md':
Cannot extract version info from the following section titles:
v.0.2.2
Flavors: r-devel-linux-x86_64-debian-clang, r-devel-linux-x86_64-debian-gcc, r-devel-linux-x86_64-fedora-clang, r-devel-linux-x86_64-fedora-gcc, r-devel-windows-x86_64