CRAN Package Check Results for Package hal9001

Last updated on 2020-11-27 05:48:58 CET.

Flavor Version Tinstall Tcheck Ttotal Status Flags
r-devel-linux-x86_64-debian-clang 0.2.6 120.60 136.01 256.61 OK
r-devel-linux-x86_64-debian-gcc 0.2.6 114.90 101.53 216.43 OK
r-devel-linux-x86_64-fedora-clang 0.2.6 311.64 NOTE
r-devel-linux-x86_64-fedora-gcc 0.2.6 290.32 OK
r-devel-windows-ix86+x86_64 0.2.6 217.00 239.00 456.00 OK
r-patched-linux-x86_64 0.2.6 133.38 131.64 265.02 OK
r-patched-solaris-x86 0.2.6 336.10 OK
r-release-linux-x86_64 0.2.6 129.88 130.70 260.58 OK
r-release-macos-x86_64 0.2.6 OK
r-release-windows-ix86+x86_64 0.2.6 222.00 256.00 478.00 OK
r-oldrel-macos-x86_64 0.2.6 OK
r-oldrel-windows-ix86+x86_64 0.2.6 193.00 201.00 394.00 OK

Check Details

Version: 0.2.6
Check: installed package size
Result: NOTE
     installed size is 5.8Mb
     sub-directories of 1Mb or more:
     libs 5.1Mb
Flavor: r-devel-linux-x86_64-fedora-clang