CRAN Package Check Results for Package haplo.stats

Last updated on 2019-03-24 05:46:50 CET.

Flavor Version Tinstall Tcheck Ttotal Status Flags
r-devel-linux-x86_64-debian-clang 1.7.9 15.42 202.27 217.69 OK
r-devel-linux-x86_64-debian-gcc 1.7.9 14.22 168.56 182.78 OK
r-devel-linux-x86_64-fedora-clang 1.7.9 277.45 OK
r-devel-linux-x86_64-fedora-gcc 1.7.9 268.63 OK
r-devel-windows-ix86+x86_64 1.7.9 59.00 442.00 501.00 OK
r-patched-linux-x86_64 1.7.9 11.80 187.00 198.80 OK
r-patched-solaris-x86 1.7.9 545.10 OK
r-release-linux-x86_64 1.7.9 0.81 3.52 4.33 ERROR
r-release-windows-ix86+x86_64 1.7.9 31.00 327.00 358.00 OK
r-release-osx-x86_64 1.7.9 OK
r-oldrel-windows-ix86+x86_64 1.7.9 25.00 464.00 489.00 OK
r-oldrel-osx-x86_64 1.7.9 OK

Check Details

Version: 1.7.9
Check: whether package can be installed
Result: ERROR
    Installation failed.
Flavor: r-release-linux-x86_64