Last updated on 2022-08-11 05:54:30 CEST.
Flavor | Version | Tinstall | Tcheck | Ttotal | Status | Flags |
---|---|---|---|---|---|---|
r-devel-linux-x86_64-debian-clang | 0.1.5 | 8.51 | 107.74 | 116.25 | OK | |
r-devel-linux-x86_64-debian-gcc | 0.1.5 | 7.43 | 79.17 | 86.60 | OK | |
r-devel-linux-x86_64-fedora-clang | 0.1.5 | 142.63 | OK | |||
r-devel-linux-x86_64-fedora-gcc | 0.1.5 | 136.86 | OK | |||
r-devel-windows-x86_64 | 0.1.5 | 204.00 | 154.00 | 358.00 | OK | |
r-patched-linux-x86_64 | 0.1.5 | 9.53 | 99.46 | 108.99 | OK | |
r-release-linux-x86_64 | 0.1.5 | OK | ||||
r-release-macos-arm64 | 0.1.5 | 5.00 | ERROR | |||
r-release-macos-x86_64 | 0.1.5 | 120.00 | OK | |||
r-release-windows-x86_64 | 0.1.5 | 250.00 | 151.00 | 401.00 | OK | |
r-oldrel-macos-arm64 | 0.1.5 | 111.00 | OK | |||
r-oldrel-macos-x86_64 | 0.1.5 | 123.00 | OK | |||
r-oldrel-windows-ix86+x86_64 | 0.1.5 | 23.00 | 138.00 | 161.00 | WARN |
Version: 0.1.5
Check: package dependencies
Result: ERROR
Package required and available but unsuitable version: ‘stars’
See section ‘The DESCRIPTION file’ in the ‘Writing R Extensions’
manual.
Flavor: r-release-macos-arm64
Version: 0.1.5
Check: re-building of vignette outputs
Result: WARN
Error(s) in re-building vignettes:
--- re-building 'Getting_started.Rmd' using rmarkdown
IGN web service API is available.
Last news from IGN website : "Mises à jour août 2022" on 2022-08-01 (https://geoservices.ign.fr/actualites/2022-08-01-mises-a-jour)
Linking to GEOS 3.10.2, GDAL 3.4.1, PROJ 7.2.1; sf_use_s2() is TRUE
trying URL 'https://wxs.ign.fr/altimetrie/geoportail/r/wms?version=1.3.0&request=GetMap&format=image/geotiff&layers=ELEVATION.ELEVATIONGRIDCOVERAGE&styles=&width=262&height=155&crs=EPSG:4326&bbox=47.795731,-4.384075,47.830402,-4.296611'
Quitting from lines 129-152 (Getting_started.Rmd)
Error: processing vignette 'Getting_started.Rmd' failed with diagnostics:
cannot open URL 'https://wxs.ign.fr/altimetrie/geoportail/r/wms?version=1.3.0&request=GetMap&format=image/geotiff&layers=ELEVATION.ELEVATIONGRIDCOVERAGE&styles=&width=262&height=155&crs=EPSG:4326&bbox=47.795731,-4.384075,47.830402,-4.296611'
--- failed re-building 'Getting_started.Rmd'
--- re-building 'SCAN_25_SCAN_100_SCAN_OACI.Rmd' using rmarkdown
--- finished re-building 'SCAN_25_SCAN_100_SCAN_OACI.Rmd'
SUMMARY: processing the following file failed:
'Getting_started.Rmd'
Error: Vignette re-building failed.
Execution halted
Flavor: r-oldrel-windows-ix86+x86_64