CRAN Package Check Results for Package haven

Last updated on 2022-01-23 05:57:53 CET.

Flavor Version Tinstall Tcheck Ttotal Status Flags
r-devel-linux-x86_64-debian-clang 2.4.3 32.27 61.11 93.38 NOTE
r-devel-linux-x86_64-debian-gcc 2.4.3 26.31 51.67 77.98 NOTE
r-devel-linux-x86_64-fedora-clang 2.4.3 118.19 NOTE
r-devel-linux-x86_64-fedora-gcc 2.4.3 104.71 NOTE
r-devel-windows-x86_64-new-UL 2.4.3 152.00 121.00 273.00 WARN
r-devel-windows-x86_64-new-TK 2.4.3 WARN
r-patched-linux-x86_64 2.4.3 19.47 57.76 77.23 NOTE
r-release-linux-x86_64 2.4.3 29.83 58.59 88.42 NOTE
r-release-macos-arm64 2.4.3 NOTE
r-release-macos-x86_64 2.4.3 NOTE
r-release-windows-ix86+x86_64 2.4.3 105.00 112.00 217.00 NOTE
r-oldrel-macos-x86_64 2.4.3 NOTE
r-oldrel-windows-ix86+x86_64 2.4.3 106.00 115.00 221.00 NOTE

Check Details

Version: 2.4.3
Check: for GNU extensions in Makefiles
Result: NOTE
    GNU make is a SystemRequirements.
Flavors: r-devel-linux-x86_64-debian-clang, r-devel-linux-x86_64-debian-gcc, r-devel-linux-x86_64-fedora-clang, r-devel-linux-x86_64-fedora-gcc, r-devel-windows-x86_64-new-UL, r-devel-windows-x86_64-new-TK, r-patched-linux-x86_64, r-release-linux-x86_64, r-release-macos-arm64, r-release-macos-x86_64, r-release-windows-ix86+x86_64, r-oldrel-macos-x86_64, r-oldrel-windows-ix86+x86_64

Version: 2.4.3
Check: Rd cross-references
Result: NOTE
    Undeclared package ‘dplyr’ in Rd xrefs
Flavor: r-devel-linux-x86_64-fedora-clang

Version: 2.4.3
Check: whether package can be installed
Result: WARN
    Found the following significant warnings:
     readstat/spss/readstat_sav_write.c:1307:66: warning: '%d' directive output may be truncated writing between 1 and 10 bytes into a region of size 8 [-Wformat-truncation=]
Flavors: r-devel-windows-x86_64-new-UL, r-devel-windows-x86_64-new-TK