CRAN Package Check Results for Package hazer

Last updated on 2024-06-22 06:50:48 CEST.

Flavor Version Tinstall Tcheck Ttotal Status Flags
r-devel-linux-x86_64-debian-clang 1.1.1 2.06 56.49 58.55 NOTE
r-devel-linux-x86_64-debian-gcc 1.1.1 1.52 41.40 42.92 NOTE
r-devel-linux-x86_64-fedora-clang 1.1.1 76.56 NOTE
r-devel-linux-x86_64-fedora-gcc 1.1.1 85.57 NOTE
r-devel-windows-x86_64 1.1.1 3.00 57.00 60.00 NOTE
r-patched-linux-x86_64 1.1.1 2.19 52.83 55.02 NOTE
r-release-linux-x86_64 1.1.1 2.08 53.53 55.61 NOTE
r-release-macos-arm64 1.1.1 26.00 NOTE
r-release-macos-x86_64 1.1.1 50.00 NOTE
r-release-windows-x86_64 1.1.1 4.00 58.00 62.00 NOTE
r-oldrel-macos-arm64 1.1.1 29.00 NOTE
r-oldrel-macos-x86_64 1.1.1 45.00 NOTE
r-oldrel-windows-x86_64 1.1.1 4.00 60.00 64.00 NOTE

Check Details

Version: 1.1.1
Check: LazyData
Result: NOTE 'LazyData' is specified without a 'data' directory Flavors: r-devel-linux-x86_64-debian-clang, r-devel-linux-x86_64-debian-gcc, r-devel-linux-x86_64-fedora-clang, r-devel-linux-x86_64-fedora-gcc, r-devel-windows-x86_64, r-patched-linux-x86_64, r-release-linux-x86_64, r-release-macos-arm64, r-release-macos-x86_64, r-release-windows-x86_64, r-oldrel-macos-arm64, r-oldrel-macos-x86_64, r-oldrel-windows-x86_64