CRAN Package Check Results for Package helda

Last updated on 2021-11-29 05:49:46 CET.

Flavor Version Tinstall Tcheck Ttotal Status Flags
r-devel-linux-x86_64-debian-clang 1.1.5 OK
r-devel-linux-x86_64-debian-gcc 1.1.5 6.01 53.73 59.74 OK
r-devel-linux-x86_64-fedora-clang 1.1.5 109.35 NOTE
r-devel-linux-x86_64-fedora-gcc 1.1.5 94.22 NOTE
r-devel-windows-x86_64-new-UL 1.1.5 17.00 114.00 131.00 OK
r-devel-windows-x86_64-new-TK 1.1.5 NOTE
r-devel-windows-x86_64-old 1.1.5 11.00 99.00 110.00 OK
r-patched-linux-x86_64 1.1.5 7.96 68.61 76.57 OK
r-patched-solaris-x86 1.1.5 132.60 NOTE
r-release-linux-x86_64 1.1.5 6.41 68.31 74.72 OK
r-release-macos-arm64 1.1.5 NOTE
r-release-macos-x86_64 1.1.5 NOTE
r-release-windows-ix86+x86_64 1.1.5 17.00 69.00 86.00 OK
r-oldrel-macos-x86_64 1.1.5 NOTE
r-oldrel-windows-ix86+x86_64 1.1.5 36.00 95.00 131.00 OK

Check Details

Version: 1.1.5
Check: data for non-ASCII characters
Result: NOTE
     Note: found 1 marked UTF-8 string
Flavors: r-devel-linux-x86_64-fedora-clang, r-devel-linux-x86_64-fedora-gcc, r-devel-windows-x86_64-new-TK, r-patched-solaris-x86, r-release-macos-arm64, r-release-macos-x86_64, r-oldrel-macos-x86_64