CRAN Package Check Results for Package here

Last updated on 2022-01-27 05:55:55 CET.

Flavor Version Tinstall Tcheck Ttotal Status Flags
r-devel-linux-x86_64-debian-clang 1.0.1 2.22 37.47 39.69 NOTE
r-devel-linux-x86_64-debian-gcc 1.0.1 1.68 29.25 30.93 NOTE
r-devel-linux-x86_64-fedora-clang 1.0.1 49.99 NOTE
r-devel-linux-x86_64-fedora-gcc 1.0.1 39.37 NOTE
r-devel-windows-x86_64-new-UL 1.0.1 43.00 70.00 113.00 NOTE
r-devel-windows-x86_64-new-TK 1.0.1 NOTE
r-patched-linux-x86_64 1.0.1 2.21 36.95 39.16 NOTE
r-release-linux-x86_64 1.0.1 2.04 36.52 38.56 NOTE
r-release-macos-arm64 1.0.1 NOTE
r-release-macos-x86_64 1.0.1 NOTE
r-release-windows-ix86+x86_64 1.0.1 5.00 48.00 53.00 NOTE
r-oldrel-macos-x86_64 1.0.1 OK
r-oldrel-windows-ix86+x86_64 1.0.1 5.00 48.00 53.00 OK

Check Details

Version: 1.0.1
Check: LazyData
Result: NOTE
     'LazyData' is specified without a 'data' directory
Flavors: r-devel-linux-x86_64-debian-clang, r-devel-linux-x86_64-debian-gcc, r-devel-linux-x86_64-fedora-clang, r-devel-linux-x86_64-fedora-gcc, r-devel-windows-x86_64-new-UL, r-devel-windows-x86_64-new-TK, r-patched-linux-x86_64, r-release-linux-x86_64, r-release-macos-arm64, r-release-macos-x86_64, r-release-windows-ix86+x86_64