CRAN Package Check Results for Package here

Last updated on 2022-06-25 05:51:17 CEST.

Flavor Version Tinstall Tcheck Ttotal Status Flags
r-devel-linux-x86_64-debian-clang 1.0.1 1.93 31.53 33.46 NOTE
r-devel-linux-x86_64-debian-gcc 1.0.1 1.66 23.90 25.56 NOTE
r-devel-linux-x86_64-fedora-clang 1.0.1 50.11 NOTE
r-devel-linux-x86_64-fedora-gcc 1.0.1 48.11 NOTE
r-devel-windows-x86_64 1.0.1 29.00 68.00 97.00 NOTE
r-patched-linux-x86_64 1.0.1 1.71 30.40 32.11 NOTE
r-release-linux-x86_64 1.0.1 1.82 30.24 32.06 NOTE
r-release-macos-arm64 1.0.1 25.00 NOTE
r-release-macos-x86_64 1.0.1 28.00 NOTE
r-release-windows-x86_64 1.0.1 26.00 66.00 92.00 NOTE
r-oldrel-macos-arm64 1.0.1 24.00 NOTE
r-oldrel-macos-x86_64 1.0.1 35.00 NOTE
r-oldrel-windows-ix86+x86_64 1.0.1 6.00 50.00 56.00 NOTE

Check Details

Version: 1.0.1
Check: LazyData
Result: NOTE
     'LazyData' is specified without a 'data' directory
Flavors: r-devel-linux-x86_64-debian-clang, r-devel-linux-x86_64-debian-gcc, r-devel-linux-x86_64-fedora-clang, r-devel-linux-x86_64-fedora-gcc, r-devel-windows-x86_64, r-patched-linux-x86_64, r-release-linux-x86_64, r-release-macos-arm64, r-release-macos-x86_64, r-release-windows-x86_64, r-oldrel-macos-arm64, r-oldrel-macos-x86_64, r-oldrel-windows-ix86+x86_64