CRAN Package Check Results for Package hesim

Last updated on 2022-08-19 05:52:51 CEST.

Flavor Version Tinstall Tcheck Ttotal Status Flags
r-devel-linux-x86_64-debian-clang 0.5.2 344.17 443.58 787.75 NOTE
r-devel-linux-x86_64-debian-gcc 0.5.2 305.84 309.20 615.04 NOTE
r-devel-linux-x86_64-fedora-clang 0.5.2 993.99 NOTE
r-devel-linux-x86_64-fedora-gcc 0.5.2 994.86 NOTE
r-devel-windows-x86_64 0.5.2 638.00 587.00 1225.00 NOTE
r-patched-linux-x86_64 0.5.2 337.82 378.25 716.07 OK
r-release-linux-x86_64 0.5.2 OK
r-release-macos-arm64 0.5.2 290.00 NOTE
r-release-macos-x86_64 0.5.2 484.00 NOTE
r-release-windows-x86_64 0.5.2 536.00 555.00 1091.00 NOTE
r-oldrel-macos-arm64 0.5.2 258.00 NOTE
r-oldrel-macos-x86_64 0.5.2 347.00 NOTE
r-oldrel-windows-ix86+x86_64 0.5.2 837.00 652.00 1489.00 NOTE

Check Details

Version: 0.5.2
Check: HTML version of manual
Result: NOTE
    Found the following HTML validation problems:
    IndivCtstmTrans.html:116:6: Warning: missing </span> before <p>
    IndivCtstmTrans.html:116:93: Warning: inserting implicit <span>
    IndivCtstmTrans.html:119:6: Warning: missing </span> before <p>
    IndivCtstmTrans.html:119:90: Warning: inserting implicit <span>
    IndivCtstmTrans.html:116:6: Warning: trimming empty <span>
    IndivCtstmTrans.html:119:6: Warning: trimming empty <span>
Flavor: r-devel-linux-x86_64-debian-clang

Version: 0.5.2
Check: HTML version of manual
Result: NOTE
    Found the following HTML validation problems:
    IndivCtstmTrans.html:116:6: Warning: missing </span> before <p>
    IndivCtstmTrans.html:116:93: Warning: inserting implicit <span>
    IndivCtstmTrans.html:119:6: Warning: missing </span> before <p>
    IndivCtstmTrans.html:119:90: Warning: inserting implicit <span>
Flavors: r-devel-linux-x86_64-debian-gcc, r-devel-linux-x86_64-fedora-clang, r-devel-linux-x86_64-fedora-gcc

Version: 0.5.2
Check: installed package size
Result: NOTE
     installed size is 6.3Mb
     sub-directories of 1Mb or more:
     doc 2.2Mb
     libs 2.2Mb
Flavors: r-devel-linux-x86_64-fedora-clang, r-devel-windows-x86_64, r-release-macos-arm64, r-release-macos-x86_64, r-release-windows-x86_64, r-oldrel-macos-arm64, r-oldrel-macos-x86_64, r-oldrel-windows-ix86+x86_64

Version: 0.5.2
Check: dependencies in R code
Result: NOTE
    Namespace in Imports field not imported from: ‘R6’
     All declared Imports should be used.
Flavors: r-devel-linux-x86_64-fedora-clang, r-devel-linux-x86_64-fedora-gcc, r-release-macos-arm64, r-release-macos-x86_64, r-oldrel-macos-arm64, r-oldrel-macos-x86_64

Version: 0.5.2
Check: HTML version of manual
Result: NOTE
    Found the following HTML validation problems:
    IndivCtstmTrans.html:116:6: Warning: missing </span> before <p>
    
    
    IndivCtstmTrans.html:116:93: Warning: inserting implicit <span>
    
    
    IndivCtstmTrans.html:119:6: Warning: missing </span> before <p>
    
    
    IndivCtstmTrans.html:119:90: Warning: inserting implicit <span>
    
    
    IndivCtstmTrans.html:116:6: Warning: trimming empty <span>
    
    
    IndivCtstmTrans.html:119:6: Warning: trimming empty <span>
Flavor: r-devel-windows-x86_64