CRAN Package Check Results for Package heuristicsmineR

Last updated on 2024-06-13 06:58:04 CEST.

Flavor Version Tinstall Tcheck Ttotal Status Flags
r-devel-linux-x86_64-debian-clang 0.3.0 70.70 98.41 169.11 OK
r-devel-linux-x86_64-debian-gcc 0.3.0 0.34 1.75 2.09 ERROR
r-devel-linux-x86_64-fedora-clang 0.3.0 221.98 OK
r-devel-linux-x86_64-fedora-gcc 0.3.0 218.22 OK
r-devel-windows-x86_64 0.3.0 49.00 105.00 154.00 OK
r-patched-linux-x86_64 0.3.0 40.01 97.22 137.23 OK
r-release-linux-x86_64 0.3.0 39.57 94.79 134.36 OK
r-release-macos-arm64 0.3.0 54.00 OK
r-release-macos-x86_64 0.3.0 69.00 OK
r-release-windows-x86_64 0.3.0 51.00 106.00 157.00 OK
r-oldrel-macos-arm64 0.3.0 60.00 OK
r-oldrel-macos-x86_64 0.3.0 93.00 OK
r-oldrel-windows-x86_64 0.3.0 65.00 134.00 199.00 OK

Check Details

Version: 0.3.0
Check: package dependencies
Result: ERROR Packages required but not available: 'bupaR', 'processmapR', 'dplyr', 'tidyr', 'DiagrammeR', 'petrinetR', 'purrr', 'ggplot2', 'ggthemes', 'stringr' See section ‘The DESCRIPTION file’ in the ‘Writing R Extensions’ manual. Flavor: r-devel-linux-x86_64-debian-gcc