Last updated on 2023-12-11 05:51:55 CET.
Flavor | Version | Tinstall | Tcheck | Ttotal | Status | Flags |
---|---|---|---|---|---|---|
r-devel-linux-x86_64-debian-clang | 0.2.11 | 9.17 | 77.30 | 86.47 | OK | |
r-devel-linux-x86_64-debian-gcc | 0.2.11 | 7.33 | 57.87 | 65.20 | OK | |
r-devel-linux-x86_64-fedora-clang | 0.2.11 | 104.90 | NOTE | |||
r-devel-linux-x86_64-fedora-gcc | 0.2.11 | 99.44 | NOTE | |||
r-devel-windows-x86_64 | 0.2.11 | 9.00 | 79.00 | 88.00 | OK | |
r-patched-linux-x86_64 | 0.2.11 | 9.35 | 73.68 | 83.03 | OK | |
r-release-linux-x86_64 | 0.2.11 | 7.49 | 73.62 | 81.11 | OK | |
r-release-macos-arm64 | 0.2.11 | 39.00 | OK | |||
r-release-macos-x86_64 | 0.2.11 | 50.00 | OK | |||
r-release-windows-x86_64 | 0.2.11 | 11.00 | 91.00 | 102.00 | OK | |
r-oldrel-macos-arm64 | 0.2.11 | 35.00 | NOTE | |||
r-oldrel-macos-x86_64 | 0.2.11 | 57.00 | NOTE | |||
r-oldrel-windows-x86_64 | 0.2.11 | 11.00 | 92.00 | 103.00 | OK |
Version: 0.2.11
Check: dependencies in R code
Result: NOTE
Namespace in Imports field not imported from: ‘usethis’
All declared Imports should be used.
Flavors: r-devel-linux-x86_64-fedora-clang, r-devel-linux-x86_64-fedora-gcc, r-oldrel-macos-arm64, r-oldrel-macos-x86_64