CRAN Package Check Results for Package highriskzone

Last updated on 2022-01-26 05:54:18 CET.

Flavor Version Tinstall Tcheck Ttotal Status Flags
r-devel-linux-x86_64-debian-clang 1.4.6 15.13 165.03 180.16 NOTE
r-devel-linux-x86_64-debian-gcc 1.4.6 11.84 123.63 135.47 NOTE
r-devel-linux-x86_64-fedora-clang 1.4.6 207.22 OK
r-devel-linux-x86_64-fedora-gcc 1.4.6 202.27 OK
r-devel-windows-x86_64-new-UL 1.4.6 160.00 178.00 338.00 NOTE
r-devel-windows-x86_64-new-TK 1.4.6 NOTE
r-patched-linux-x86_64 1.4.6 10.04 146.71 156.75 NOTE
r-release-linux-x86_64 1.4.6 10.78 148.21 158.99 NOTE
r-release-macos-arm64 1.4.6 NOTE
r-release-macos-x86_64 1.4.6 NOTE
r-release-windows-ix86+x86_64 1.4.6 36.00 179.00 215.00 OK
r-oldrel-macos-x86_64 1.4.6 NOTE
r-oldrel-windows-ix86+x86_64 1.4.6 36.00 178.00 214.00 OK

Check Details

Version: 1.4.6
Check: package dependencies
Result: NOTE
    Package suggested but not available for checking: 'INLA'
Flavors: r-devel-linux-x86_64-debian-clang, r-devel-linux-x86_64-debian-gcc, r-devel-windows-x86_64-new-UL, r-devel-windows-x86_64-new-TK, r-patched-linux-x86_64, r-release-linux-x86_64, r-release-macos-arm64, r-release-macos-x86_64, r-oldrel-macos-x86_64