CRAN Package Check Results for Package histry

Last updated on 2022-05-25 05:53:40 CEST.

Flavor Version Tinstall Tcheck Ttotal Status Flags
r-devel-linux-x86_64-debian-clang 0.2.4 8.76 75.54 84.30 NOTE
r-devel-linux-x86_64-debian-gcc 0.2.4 5.81 58.86 64.67 NOTE
r-devel-linux-x86_64-fedora-clang 0.2.4 99.98 NOTE
r-devel-linux-x86_64-fedora-gcc 0.2.4 91.07 NOTE
r-devel-windows-x86_64 0.2.4 30.00 100.00 130.00 OK
r-patched-linux-x86_64 0.2.4 8.24 11.80 20.04 FAIL
r-release-linux-x86_64 0.2.4 NOTE
r-release-macos-arm64 0.2.4 33.00 NOTE
r-release-macos-x86_64 0.2.4 45.00 NOTE
r-release-windows-x86_64 0.2.4 30.00 105.00 135.00 OK
r-oldrel-macos-arm64 0.2.4 42.00 OK
r-oldrel-macos-x86_64 0.2.4 54.00 OK
r-oldrel-windows-ix86+x86_64 0.2.4 20.00 96.00 116.00 OK

Check Details

Version: 0.2.4
Check: package dependencies
Result: NOTE
    Package suggested but not available for checking: 'trackr'
Flavors: r-devel-linux-x86_64-debian-clang, r-devel-linux-x86_64-debian-gcc, r-devel-linux-x86_64-fedora-clang, r-devel-linux-x86_64-fedora-gcc, r-release-linux-x86_64, r-release-macos-arm64, r-release-macos-x86_64

Version: 0.2.4
Check: package dependencies
Result: FAIL
Flavor: r-patched-linux-x86_64