CRAN Package Check Results for Package hkdatasets

Last updated on 2022-05-28 05:53:09 CEST.

Flavor Version Tinstall Tcheck Ttotal Status Flags
r-devel-linux-x86_64-debian-clang 1.0.0 2.63 37.70 40.33 OK
r-devel-linux-x86_64-debian-gcc 1.0.0 2.36 29.10 31.46 OK
r-devel-linux-x86_64-fedora-clang 1.0.0 49.69 NOTE
r-devel-linux-x86_64-fedora-gcc 1.0.0 47.75 NOTE
r-devel-windows-x86_64 1.0.0 19.00 62.00 81.00 OK
r-patched-linux-x86_64 1.0.0 2.74 35.95 38.69 OK
r-release-linux-x86_64 1.0.0 2.95 36.54 39.49 OK
r-release-macos-arm64 1.0.0 16.00 NOTE
r-release-macos-x86_64 1.0.0 24.00 NOTE
r-release-windows-x86_64 1.0.0 39.00 56.00 95.00 OK
r-oldrel-macos-arm64 1.0.0 22.00 NOTE
r-oldrel-macos-x86_64 1.0.0 24.00 NOTE
r-oldrel-windows-ix86+x86_64 1.0.0 7.00 52.00 59.00 OK

Check Details

Version: 1.0.0
Check: data for non-ASCII characters
Result: NOTE
     Note: found 9638 marked UTF-8 strings
Flavors: r-devel-linux-x86_64-fedora-clang, r-devel-linux-x86_64-fedora-gcc, r-release-macos-arm64, r-release-macos-x86_64, r-oldrel-macos-arm64, r-oldrel-macos-x86_64