CRAN Package Check Results for Package hkevp

Last updated on 2020-01-17 05:47:14 CET.

Flavor Version Tinstall Tcheck Ttotal Status Flags
r-devel-linux-x86_64-debian-clang 1.1.4 46.65 48.41 95.06 OK
r-devel-linux-x86_64-debian-gcc 1.1.4 37.46 34.85 72.31 OK
r-devel-linux-x86_64-fedora-clang 1.1.4 126.21 NOTE
r-devel-linux-x86_64-fedora-gcc 1.1.4 125.10 NOTE
r-devel-windows-ix86+x86_64 1.1.4 109.00 150.00 259.00 OK
r-devel-windows-ix86+x86_64-gcc8 1.1.4 88.00 163.00 251.00 OK
r-patched-linux-x86_64 1.1.4 40.54 43.92 84.46 OK
r-patched-solaris-x86 1.1.4 140.90 OK
r-release-linux-x86_64 1.1.4 37.11 44.38 81.49 OK
r-release-windows-ix86+x86_64 1.1.4 112.00 132.00 244.00 OK
r-release-osx-x86_64 1.1.4 OK
r-oldrel-windows-ix86+x86_64 1.1.4 101.00 123.00 224.00 OK
r-oldrel-osx-x86_64 1.1.4 OK

Check Details

Version: 1.1.4
Check: compiled code
Result: NOTE
    File ‘hkevp/libs/hkevp.so’:
     Found no calls to: ‘R_registerRoutines’, ‘R_useDynamicSymbols’
    
    It is good practice to register native routines and to disable symbol
    search.
    
    See ‘Writing portable packages’ in the ‘Writing R Extensions’ manual.
Flavors: r-devel-linux-x86_64-fedora-clang, r-devel-linux-x86_64-fedora-gcc