CRAN Package Check Results for Package hkevp

Last updated on 2019-08-25 05:46:49 CEST.

Flavor Version Tinstall Tcheck Ttotal Status Flags
r-devel-linux-x86_64-debian-clang 1.1.4 37.14 54.61 91.75 OK
r-devel-linux-x86_64-debian-gcc 1.1.4 34.98 41.13 76.11 OK
r-devel-linux-x86_64-fedora-clang 1.1.4 122.41 NOTE
r-devel-linux-x86_64-fedora-gcc 1.1.4 121.23 NOTE
r-devel-windows-ix86+x86_64 1.1.4 74.00 148.00 222.00 OK
r-patched-linux-x86_64 1.1.4 36.95 53.32 90.27 OK
r-patched-solaris-x86 1.1.4 142.80 OK
r-release-linux-x86_64 1.1.4 38.65 53.74 92.39 OK
r-release-windows-ix86+x86_64 1.1.4 105.00 155.00 260.00 OK
r-release-osx-x86_64 1.1.4 OK
r-oldrel-windows-ix86+x86_64 1.1.4 91.00 159.00 250.00 OK
r-oldrel-osx-x86_64 1.1.4 OK

Check Details

Version: 1.1.4
Check: compiled code
Result: NOTE
    File ‘hkevp/libs/hkevp.so’:
     Found no calls to: ‘R_registerRoutines’, ‘R_useDynamicSymbols’
    
    It is good practice to register native routines and to disable symbol
    search.
    
    See ‘Writing portable packages’ in the ‘Writing R Extensions’ manual.
Flavors: r-devel-linux-x86_64-fedora-clang, r-devel-linux-x86_64-fedora-gcc