CRAN Package Check Results for Package hoa

Last updated on 2022-08-12 05:52:49 CEST.

Flavor Version Tinstall Tcheck Ttotal Status Flags
r-devel-linux-x86_64-debian-clang 2.1.4.1 18.83 154.81 173.64 NOTE
r-devel-linux-x86_64-debian-gcc 2.1.4.1 15.51 114.39 129.90 NOTE
r-devel-linux-x86_64-fedora-clang 2.1.4.1 209.52 NOTE
r-devel-linux-x86_64-fedora-gcc 2.1.4.1 206.65 NOTE
r-devel-windows-x86_64 2.1.4.1 50.00 193.00 243.00 NOTE
r-patched-linux-x86_64 2.1.4.1 19.57 142.89 162.46 OK
r-release-linux-x86_64 2.1.4.1 16.94 150.66 167.60 OK
r-release-macos-arm64 2.1.4.1 62.00 OK
r-release-macos-x86_64 2.1.4.1 76.00 OK
r-release-windows-x86_64 2.1.4.1 53.00 199.00 252.00 OK
r-oldrel-macos-arm64 2.1.4.1 63.00 OK
r-oldrel-macos-x86_64 2.1.4.1 118.00 OK
r-oldrel-windows-ix86+x86_64 2.1.4.1 34.00 169.00 203.00 OK

Check Details

Version: 2.1.4.1
Check: Rd files
Result: NOTE
    checkRd: (-1) Dmean.Rd:62: Escaped LaTeX specials: \&
    checkRd: (-1) Dvar.Rd:63: Escaped LaTeX specials: \&
    checkRd: (-1) babies.Rd:35: Escaped LaTeX specials: \&
    checkRd: (-1) residuals.rsm.Rd:74: Escaped LaTeX specials: \&
Flavors: r-devel-linux-x86_64-debian-clang, r-devel-linux-x86_64-debian-gcc, r-devel-linux-x86_64-fedora-clang, r-devel-linux-x86_64-fedora-gcc, r-devel-windows-x86_64

Version: 2.1.4.1
Check: Rd cross-references
Result: NOTE
    Undeclared packages ‘nlreg’, ‘cond’, ‘marg’ in Rd xrefs
Flavor: r-devel-linux-x86_64-fedora-clang