CRAN Package Check Results for Package hopit

Last updated on 2019-08-25 05:46:49 CEST.

Flavor Version Tinstall Tcheck Ttotal Status Flags
r-devel-linux-x86_64-debian-clang 0.9.0 46.93 167.13 214.06 OK
r-devel-linux-x86_64-debian-gcc 0.9.0 33.37 129.00 162.37 OK
r-devel-linux-x86_64-fedora-clang 0.9.0 271.85 NOTE
r-devel-linux-x86_64-fedora-gcc 0.9.0 262.65 NOTE
r-devel-windows-ix86+x86_64 0.9.0 66.00 320.00 386.00 OK
r-patched-linux-x86_64 0.9.0 36.37 163.08 199.45 OK
r-patched-solaris-x86 0.9.0 474.90 NOTE
r-release-linux-x86_64 0.9.0 37.21 164.03 201.24 OK
r-release-windows-ix86+x86_64 0.9.0 97.00 443.00 540.00 OK
r-release-osx-x86_64 0.9.0 NOTE
r-oldrel-windows-ix86+x86_64 0.9.0 87.00 410.00 497.00 OK
r-oldrel-osx-x86_64 0.9.0 NOTE

Check Details

Version: 0.9.0
Check: installed package size
Result: NOTE
     installed size is 9.9Mb
     sub-directories of 1Mb or more:
     libs 9.0Mb
Flavors: r-devel-linux-x86_64-fedora-clang, r-release-osx-x86_64, r-oldrel-osx-x86_64

Version: 0.9.0
Check: dependencies in R code
Result: NOTE
    Namespace in Imports field not imported from: ‘Matrix’
     All declared Imports should be used.
Flavors: r-devel-linux-x86_64-fedora-clang, r-devel-linux-x86_64-fedora-gcc, r-patched-solaris-x86, r-release-osx-x86_64, r-oldrel-osx-x86_64