CRAN Package Check Results for Package hpackedbubble

Last updated on 2020-05-30 05:48:05 CEST.

Flavor Version Tinstall Tcheck Ttotal Status Flags
r-devel-linux-x86_64-debian-clang 0.1.0 2.56 27.95 30.51 OK
r-devel-linux-x86_64-debian-gcc 0.1.0 2.13 22.31 24.44 OK
r-devel-linux-x86_64-fedora-clang 0.1.0 37.65 OK
r-devel-linux-x86_64-fedora-gcc 0.1.0 36.73 OK
r-devel-windows-ix86+x86_64 0.1.0 8.00 58.00 66.00 OK
r-patched-linux-x86_64 0.1.0 2.69 27.75 30.44 OK
r-patched-solaris-x86 0.1.0 56.40 WARN
r-release-linux-x86_64 0.1.0 2.84 27.45 30.29 OK
r-release-osx-x86_64 0.1.0 OK
r-release-windows-ix86+x86_64 0.1.0 7.00 116.00 123.00 OK
r-oldrel-osx-x86_64 0.1.0 WARN
r-oldrel-windows-ix86+x86_64 0.1.0 6.00 44.00 50.00 OK

Check Details

Version: 0.1.0
Check: re-building of vignette outputs
Result: WARN
    Error(s) in re-building vignettes:
     ...
    --- re-building ‘hpackedbubble.Rmd’ using rmarkdown
    Warning in engine$weave(file, quiet = quiet, encoding = enc) :
     Pandoc (>= 1.12.3) and/or pandoc-citeproc not available. Falling back to R Markdown v1.
    Quitting from lines 35-49 (hpackedbubble.Rmd)
    Error: processing vignette 'hpackedbubble.Rmd' failed with diagnostics:
    there is no package called 'webshot'
    --- failed re-building ‘hpackedbubble.Rmd’
    
    SUMMARY: processing the following file failed:
     ‘hpackedbubble.Rmd’
    
    Error: Vignette re-building failed.
    Execution halted
Flavor: r-patched-solaris-x86

Version: 0.1.0
Check: re-building of vignette outputs
Result: WARN
    Error(s) in re-building vignettes:
     ...
    --- re-building ‘hpackedbubble.Rmd’ using rmarkdown
    Warning in engine$weave(file, quiet = quiet, encoding = enc) :
     Pandoc (>= 1.12.3) and/or pandoc-citeproc not available. Falling back to R Markdown v1.
    Quitting from lines 35-49 (hpackedbubble.Rmd)
    Error: processing vignette 'hpackedbubble.Rmd' failed with diagnostics:
    cannot open the connection
    --- failed re-building ‘hpackedbubble.Rmd’
    
    SUMMARY: processing the following file failed:
     ‘hpackedbubble.Rmd’
    
    Error: Vignette re-building failed.
    Execution halted
Flavor: r-oldrel-osx-x86_64