CRAN Package Check Results for Package hpackedbubble

Last updated on 2019-10-19 05:47:21 CEST.

Flavor Version Tinstall Tcheck Ttotal Status Flags
r-devel-linux-x86_64-debian-clang 0.1.0 2.39 25.34 27.73 OK
r-devel-linux-x86_64-debian-gcc 0.1.0 2.01 20.57 22.58 OK
r-devel-linux-x86_64-fedora-clang 0.1.0 35.21 OK
r-devel-linux-x86_64-fedora-gcc 0.1.0 34.34 OK
r-devel-windows-ix86+x86_64 0.1.0 10.00 43.00 53.00 OK
r-patched-linux-x86_64 0.1.0 2.22 24.56 26.78 OK
r-patched-solaris-x86 0.1.0 54.90 WARN
r-release-linux-x86_64 0.1.0 2.23 24.88 27.11 OK
r-release-windows-ix86+x86_64 0.1.0 5.00 47.00 52.00 OK
r-release-osx-x86_64 0.1.0 WARN
r-oldrel-windows-ix86+x86_64 0.1.0 3.00 40.00 43.00 OK
r-oldrel-osx-x86_64 0.1.0 WARN

Check Details

Version: 0.1.0
Check: re-building of vignette outputs
Result: WARN
    Error(s) in re-building vignettes:
     ...
    --- re-building ‘hpackedbubble.Rmd’ using rmarkdown
    Warning in engine$weave(file, quiet = quiet, encoding = enc) :
     Pandoc (>= 1.12.3) and/or pandoc-citeproc not available. Falling back to R Markdown v1.
    Quitting from lines 35-49 (hpackedbubble.Rmd)
    Error: processing vignette 'hpackedbubble.Rmd' failed with diagnostics:
    there is no package called 'webshot'
    --- failed re-building ‘hpackedbubble.Rmd’
    
    SUMMARY: processing the following file failed:
     ‘hpackedbubble.Rmd’
    
    Error: Vignette re-building failed.
    Execution halted
Flavor: r-patched-solaris-x86

Version: 0.1.0
Check: re-building of vignette outputs
Result: WARN
    Error(s) in re-building vignettes:
     ...
    --- re-building ‘hpackedbubble.Rmd’ using rmarkdown
    Warning in engine$weave(file, quiet = quiet, encoding = enc) :
     Pandoc (>= 1.12.3) and/or pandoc-citeproc not available. Falling back to R Markdown v1.
    Quitting from lines 35-49 (hpackedbubble.Rmd)
    Error: processing vignette 'hpackedbubble.Rmd' failed with diagnostics:
    cannot open the connection
    --- failed re-building ‘hpackedbubble.Rmd’
    
    SUMMARY: processing the following file failed:
     ‘hpackedbubble.Rmd’
    
    Error: Vignette re-building failed.
    Execution halted
Flavor: r-release-osx-x86_64

Version: 0.1.0
Check: re-building of vignette outputs
Result: WARN
    Error in re-building vignettes:
     ...
    Warning in engine$weave(file, quiet = quiet, encoding = enc) :
     Pandoc (>= 1.12.3) and/or pandoc-citeproc not available. Falling back to R Markdown v1.
    Quitting from lines 35-49 (hpackedbubble.Rmd)
    Error: processing vignette 'hpackedbubble.Rmd' failed with diagnostics:
    cannot open the connection
    Execution halted
Flavor: r-oldrel-osx-x86_64