CRAN Package Check Results for Package httpgd

Last updated on 2022-05-23 05:52:42 CEST.

Flavor Version Tinstall Tcheck Ttotal Status Flags
r-devel-linux-x86_64-debian-clang 1.3.0 205.45 55.41 260.86 OK
r-devel-linux-x86_64-debian-gcc 1.3.0 175.04 42.15 217.19 OK
r-devel-linux-x86_64-fedora-clang 1.3.0 377.74 NOTE
r-devel-linux-x86_64-fedora-gcc 1.3.0 366.98 OK
r-devel-windows-x86_64 1.3.0 275.00 206.00 481.00 NOTE
r-patched-linux-x86_64 1.3.0 195.19 52.89 248.08 OK
r-release-linux-x86_64 1.3.0 OK
r-release-macos-arm64 1.3.0 102.00 NOTE
r-release-macos-x86_64 1.3.0 126.00 NOTE
r-release-windows-x86_64 1.3.0 271.00 194.00 465.00 NOTE
r-oldrel-macos-arm64 1.3.0 97.00 NOTE
r-oldrel-macos-x86_64 1.3.0 123.00 NOTE
r-oldrel-windows-ix86+x86_64 1.3.0 497.00 132.00 629.00 NOTE

Check Details

Version: 1.3.0
Check: installed package size
Result: NOTE
     installed size is 22.7Mb
     sub-directories of 1Mb or more:
     libs 22.0Mb
Flavors: r-devel-linux-x86_64-fedora-clang, r-devel-windows-x86_64, r-release-macos-arm64, r-release-macos-x86_64, r-release-windows-x86_64, r-oldrel-macos-arm64, r-oldrel-macos-x86_64, r-oldrel-windows-ix86+x86_64