CRAN Package Check Results for Package hwep

Last updated on 2024-06-12 06:58:22 CEST.

Flavor Version Tinstall Tcheck Ttotal Status Flags
r-devel-linux-x86_64-debian-clang 2.0.2 325.92 171.77 497.69 NOTE
r-devel-linux-x86_64-debian-gcc 2.0.2 278.98 187.53 466.51 NOTE
r-devel-linux-x86_64-fedora-clang 2.0.2 712.06 NOTE
r-devel-linux-x86_64-fedora-gcc 2.0.2 868.39 NOTE
r-devel-windows-x86_64 2.0.2 253.00 239.00 492.00 NOTE
r-patched-linux-x86_64 2.0.2 250.54 177.44 427.98 NOTE
r-release-linux-x86_64 2.0.2 254.30 175.43 429.73 NOTE
r-release-macos-arm64 2.0.2 192.00 NOTE
r-release-macos-x86_64 2.0.2 261.00 NOTE
r-release-windows-x86_64 2.0.2 258.00 243.00 501.00 NOTE
r-oldrel-macos-arm64 2.0.2 160.00 NOTE
r-oldrel-macos-x86_64 2.0.2 259.00 NOTE
r-oldrel-windows-x86_64 2.0.2 224.00 298.00 522.00 NOTE

Check Details

Version: 2.0.2
Check: Rd files
Result: NOTE checkRd: (-1) simgl.Rd:50: Lost braces; missing escapes or markup? 50 | Uses the {updog} R package for simulating read counts and generating | ^ Flavors: r-devel-linux-x86_64-debian-clang, r-devel-linux-x86_64-debian-gcc, r-devel-linux-x86_64-fedora-clang, r-devel-linux-x86_64-fedora-gcc, r-devel-windows-x86_64, r-patched-linux-x86_64, r-release-linux-x86_64, r-release-macos-arm64, r-release-macos-x86_64, r-release-windows-x86_64

Version: 2.0.2
Check: for GNU extensions in Makefiles
Result: NOTE GNU make is a SystemRequirements. Flavors: r-devel-linux-x86_64-debian-clang, r-devel-linux-x86_64-debian-gcc, r-devel-linux-x86_64-fedora-clang, r-devel-linux-x86_64-fedora-gcc, r-devel-windows-x86_64, r-patched-linux-x86_64, r-release-linux-x86_64, r-release-macos-arm64, r-release-macos-x86_64, r-release-windows-x86_64, r-oldrel-macos-arm64, r-oldrel-macos-x86_64, r-oldrel-windows-x86_64

Version: 2.0.2
Check: installed package size
Result: NOTE installed size is 50.2Mb sub-directories of 1Mb or more: libs 49.6Mb Flavors: r-release-macos-arm64, r-release-macos-x86_64, r-oldrel-macos-arm64, r-oldrel-macos-x86_64