CRAN Package Check Results for Package hydroscoper

Last updated on 2021-12-06 05:53:12 CET.

Flavor Version Tinstall Tcheck Ttotal Status Flags
r-devel-linux-x86_64-debian-clang 1.4.1 2.67 44.31 46.98 OK
r-devel-linux-x86_64-debian-gcc 1.4.1 2.34 34.85 37.19 OK
r-devel-linux-x86_64-fedora-clang 1.4.1 59.06 NOTE
r-devel-linux-x86_64-fedora-gcc 1.4.1 47.34 NOTE
r-devel-windows-x86_64-new-UL 1.4.1 10.00 82.00 92.00 OK
r-devel-windows-x86_64-new-TK 1.4.1 NOTE
r-devel-windows-x86_64-old 1.4.1 6.00 45.00 51.00 OK
r-patched-linux-x86_64 1.4.1 2.88 35.75 38.63 OK
r-release-linux-x86_64 1.4.1 2.73 43.46 46.19 OK
r-release-macos-arm64 1.4.1 NOTE
r-release-macos-x86_64 1.4.1 NOTE
r-release-windows-ix86+x86_64 1.4.1 6.00 56.00 62.00 OK
r-oldrel-macos-x86_64 1.4.1 NOTE
r-oldrel-windows-ix86+x86_64 1.4.1 7.00 53.00 60.00 OK

Check Details

Version: 1.4.1
Check: data for non-ASCII characters
Result: NOTE
     Note: found 3026 marked UTF-8 strings
Flavors: r-devel-linux-x86_64-fedora-clang, r-devel-linux-x86_64-fedora-gcc, r-devel-windows-x86_64-new-TK, r-release-macos-arm64, r-release-macos-x86_64, r-oldrel-macos-x86_64