Last updated on 2022-06-25 05:51:18 CEST.
Flavor | Version | Tinstall | Tcheck | Ttotal | Status | Flags |
---|---|---|---|---|---|---|
r-devel-linux-x86_64-debian-clang | 3.0.4 | 83.03 | 494.43 | 577.46 | OK | |
r-devel-linux-x86_64-debian-gcc | 3.0.4 | 68.43 | 368.65 | 437.08 | OK | |
r-devel-linux-x86_64-fedora-clang | 3.0.4 | 745.40 | NOTE | |||
r-devel-linux-x86_64-fedora-gcc | 3.0.4 | 693.53 | OK | |||
r-devel-windows-x86_64 | 3.0.4 | 124.00 | 541.00 | 665.00 | OK | |
r-patched-linux-x86_64 | 3.0.4 | 69.65 | 471.92 | 541.57 | OK | |
r-release-linux-x86_64 | 3.0.4 | 59.70 | 467.18 | 526.88 | OK | |
r-release-macos-arm64 | 3.0.4 | 173.00 | OK | |||
r-release-macos-x86_64 | 3.0.4 | 246.00 | OK | |||
r-release-windows-x86_64 | 3.0.4 | 132.00 | 498.00 | 630.00 | OK | |
r-oldrel-macos-arm64 | 3.0.4 | 163.00 | OK | |||
r-oldrel-macos-x86_64 | 3.0.4 | 240.00 | OK | |||
r-oldrel-windows-ix86+x86_64 | 3.0.4 | 197.00 | 697.00 | 894.00 | OK |
Version: 3.0.4
Check: package dependencies
Result: NOTE
Imports includes 22 non-default packages.
Importing from so many packages makes the package vulnerable to any of
them becoming unavailable. Move as many as possible to Suggests and
use conditionally.
Flavor: r-devel-linux-x86_64-fedora-clang