CRAN Package Check Results for Package iSTATS

Last updated on 2022-01-26 05:54:19 CET.

Flavor Version Tinstall Tcheck Ttotal Status Flags
r-devel-linux-x86_64-debian-clang 1.5 8.88 75.00 83.88 OK
r-devel-linux-x86_64-debian-gcc 1.5 6.42 56.71 63.13 OK
r-devel-linux-x86_64-fedora-clang 1.5 99.15 NOTE
r-devel-linux-x86_64-fedora-gcc 1.5 85.43 OK
r-devel-windows-x86_64-new-UL 1.5 51.00 94.00 145.00 NOTE
r-devel-windows-x86_64-new-TK 1.5 OK
r-patched-linux-x86_64 1.5 6.36 69.17 75.53 OK
r-release-linux-x86_64 1.5 6.02 67.70 73.72 OK
r-release-macos-arm64 1.5 NOTE
r-release-macos-x86_64 1.5 NOTE
r-release-windows-ix86+x86_64 1.5 21.00 84.00 105.00 NOTE
r-oldrel-macos-x86_64 1.5 NOTE
r-oldrel-windows-ix86+x86_64 1.5 20.00 90.00 110.00 NOTE

Check Details

Version: 1.5
Check: installed package size
Result: NOTE
     installed size is 5.9Mb
     sub-directories of 1Mb or more:
     app 4.3Mb
     data 1.6Mb
Flavors: r-devel-linux-x86_64-fedora-clang, r-devel-windows-x86_64-new-UL, r-release-macos-arm64, r-release-macos-x86_64, r-release-windows-ix86+x86_64, r-oldrel-macos-x86_64, r-oldrel-windows-ix86+x86_64