CRAN Package Check Results for Package ibd

Last updated on 2020-07-15 05:48:06 CEST.

Flavor Version Tinstall Tcheck Ttotal Status Flags
r-devel-linux-x86_64-debian-clang 1.5 13.65 93.48 107.13 OK
r-devel-linux-x86_64-debian-gcc 1.5 11.89 70.76 82.65 OK
r-devel-linux-x86_64-fedora-clang 1.5 138.90 OK
r-devel-linux-x86_64-fedora-gcc 1.5 133.99 OK
r-devel-windows-ix86+x86_64 1.5 37.00 152.00 189.00 OK
r-patched-linux-x86_64 1.5 12.92 90.25 103.17 OK
r-patched-solaris-x86 1.5 210.80 OK
r-release-linux-x86_64 1.5 12.88 91.68 104.56 OK
r-release-macos-x86_64 1.5 ERROR
r-release-windows-ix86+x86_64 1.5 34.00 100.00 134.00 OK
r-oldrel-macos-x86_64 1.5 OK
r-oldrel-windows-ix86+x86_64 1.5 34.00 137.00 171.00 OK

Check Details

Version: 1.5
Check: whether package can be installed
Result: ERROR
    Installation failed.
Flavor: r-release-macos-x86_64