CRAN Package Check Results for Package ibmcraftr

Last updated on 2024-06-14 06:53:35 CEST.

Flavor Version Tinstall Tcheck Ttotal Status Flags
r-devel-linux-x86_64-debian-clang 1.0.0 22.14 27.55 49.69 NOTE
r-devel-linux-x86_64-debian-gcc 1.0.0 13.29 21.84 35.13 NOTE
r-devel-linux-x86_64-fedora-clang 1.0.0 69.25 NOTE
r-devel-linux-x86_64-fedora-gcc 1.0.0 67.16 NOTE
r-devel-windows-x86_64 1.0.0 18.00 61.00 79.00 NOTE
r-patched-linux-x86_64 1.0.0 16.63 27.42 44.05 NOTE
r-release-linux-x86_64 1.0.0 16.96 27.49 44.45 NOTE
r-release-macos-arm64 1.0.0 20.00 NOTE
r-release-macos-x86_64 1.0.0 29.00 NOTE
r-release-windows-x86_64 1.0.0 18.00 71.00 89.00 NOTE
r-oldrel-macos-arm64 1.0.0 24.00 NOTE
r-oldrel-macos-x86_64 1.0.0 33.00 NOTE
r-oldrel-windows-x86_64 1.0.0 19.00 69.00 88.00 NOTE

Check Details

Version: 1.0.0
Check: LazyData
Result: NOTE 'LazyData' is specified without a 'data' directory Flavors: r-devel-linux-x86_64-debian-clang, r-devel-linux-x86_64-debian-gcc, r-devel-linux-x86_64-fedora-clang, r-devel-linux-x86_64-fedora-gcc, r-devel-windows-x86_64, r-patched-linux-x86_64, r-release-linux-x86_64, r-release-macos-arm64, r-release-macos-x86_64, r-release-windows-x86_64, r-oldrel-macos-arm64, r-oldrel-macos-x86_64, r-oldrel-windows-x86_64

Version: 1.0.0
Check: compiled code
Result: NOTE File ‘ibmcraftr/libs/ibmcraftr.so’: Found no calls to: ‘R_registerRoutines’, ‘R_useDynamicSymbols’ It is good practice to register native routines and to disable symbol search. See ‘Writing portable packages’ in the ‘Writing R Extensions’ manual. Flavors: r-devel-linux-x86_64-fedora-clang, r-devel-linux-x86_64-fedora-gcc