CRAN Package Check Results for Package ical

Last updated on 2022-08-12 05:52:49 CEST.

Flavor Version Tinstall Tcheck Ttotal Status Flags
r-devel-linux-x86_64-debian-clang 0.1.6 2.87 32.32 35.19 NOTE
r-devel-linux-x86_64-debian-gcc 0.1.6 1.93 25.10 27.03 NOTE
r-devel-linux-x86_64-fedora-clang 0.1.6 52.83 NOTE
r-devel-linux-x86_64-fedora-gcc 0.1.6 52.57 NOTE
r-devel-windows-x86_64 0.1.6 9.00 59.00 68.00 NOTE
r-patched-linux-x86_64 0.1.6 2.83 32.32 35.15 NOTE
r-release-linux-x86_64 0.1.6 2.41 31.84 34.25 NOTE
r-release-macos-arm64 0.1.6 17.00 NOTE
r-release-macos-x86_64 0.1.6 24.00 NOTE
r-release-windows-x86_64 0.1.6 10.00 61.00 71.00 NOTE
r-oldrel-macos-arm64 0.1.6 20.00 NOTE
r-oldrel-macos-x86_64 0.1.6 41.00 NOTE
r-oldrel-windows-ix86+x86_64 0.1.6 11.00 66.00 77.00 NOTE

Check Details

Version: 0.1.6
Check: LazyData
Result: NOTE
     'LazyData' is specified without a 'data' directory
Flavors: r-devel-linux-x86_64-debian-clang, r-devel-linux-x86_64-debian-gcc, r-devel-linux-x86_64-fedora-clang, r-devel-linux-x86_64-fedora-gcc, r-devel-windows-x86_64, r-patched-linux-x86_64, r-release-linux-x86_64, r-release-macos-arm64, r-release-macos-x86_64, r-release-windows-x86_64, r-oldrel-macos-arm64, r-oldrel-macos-x86_64, r-oldrel-windows-ix86+x86_64