Last updated on 2022-08-16 05:54:01 CEST.
Flavor | Version | Tinstall | Tcheck | Ttotal | Status | Flags |
---|---|---|---|---|---|---|
r-devel-linux-x86_64-debian-clang | 1.0.2 | 44.52 | 331.81 | 376.33 | OK | |
r-devel-linux-x86_64-debian-gcc | 1.0.2 | 32.22 | 275.33 | 307.55 | OK | |
r-devel-linux-x86_64-fedora-clang | 1.0.2 | 496.44 | NOTE | |||
r-devel-linux-x86_64-fedora-gcc | 1.0.2 | 531.71 | NOTE | |||
r-devel-windows-x86_64 | 1.0.2 | 59.00 | 347.00 | 406.00 | OK | |
r-patched-linux-x86_64 | 1.0.2 | 36.91 | 306.11 | 343.02 | OK | |
r-release-linux-x86_64 | 1.0.2 | 29.53 | 305.90 | 335.43 | OK | |
r-release-macos-arm64 | 1.0.2 | 99.00 | NOTE | |||
r-release-macos-x86_64 | 1.0.2 | 183.00 | NOTE | |||
r-release-windows-x86_64 | 1.0.2 | 75.00 | 354.00 | 429.00 | OK | |
r-oldrel-macos-arm64 | 1.0.2 | 94.00 | NOTE | |||
r-oldrel-macos-x86_64 | 1.0.2 | 139.00 | NOTE | |||
r-oldrel-windows-ix86+x86_64 | 1.0.2 | 92.00 | 359.00 | 451.00 | OK |
Version: 1.0.2
Check: dependencies in R code
Result: NOTE
Namespace in Imports field not imported from: ‘methods’
All declared Imports should be used.
Flavors: r-devel-linux-x86_64-fedora-clang, r-devel-linux-x86_64-fedora-gcc, r-release-macos-arm64, r-release-macos-x86_64, r-oldrel-macos-arm64, r-oldrel-macos-x86_64