CRAN Package Check Results for Package icdGLM

Last updated on 2024-06-16 06:58:48 CEST.

Flavor Version Tinstall Tcheck Ttotal Status Flags
r-devel-linux-x86_64-debian-clang 1.0.0 6.69 65.36 72.05 NOTE
r-devel-linux-x86_64-debian-gcc 1.0.0 5.87 48.57 54.44 NOTE
r-devel-linux-x86_64-fedora-clang 1.0.0 88.20 NOTE
r-devel-linux-x86_64-fedora-gcc 1.0.0 83.96 NOTE
r-devel-windows-x86_64 1.0.0 6.00 63.00 69.00 NOTE
r-patched-linux-x86_64 1.0.0 5.29 61.36 66.65 NOTE
r-release-linux-x86_64 1.0.0 5.81 62.82 68.63 NOTE
r-release-macos-arm64 1.0.0 28.00 NOTE
r-release-macos-x86_64 1.0.0 42.00 NOTE
r-release-windows-x86_64 1.0.0 6.00 64.00 70.00 NOTE
r-oldrel-macos-arm64 1.0.0 32.00 OK
r-oldrel-macos-x86_64 1.0.0 47.00 OK
r-oldrel-windows-x86_64 1.0.0 6.00 73.00 79.00 OK

Check Details

Version: 1.0.0
Check: Rd files
Result: NOTE checkRd: (-1) expand_data.Rd:26: Lost braces in \itemize; \value handles \item{}{} directly checkRd: (-1) expand_data.Rd:27: Lost braces in \itemize; \value handles \item{}{} directly checkRd: (-1) expand_data.Rd:28: Lost braces in \itemize; \value handles \item{}{} directly checkRd: (-1) icdglm.Rd:29: Lost braces in \itemize; \value handles \item{}{} directly checkRd: (-1) icdglm.Rd:30: Lost braces in \itemize; \value handles \item{}{} directly checkRd: (-1) icdglm.Rd:31: Lost braces in \itemize; \value handles \item{}{} directly checkRd: (-1) icdglm.Rd:32: Lost braces in \itemize; \value handles \item{}{} directly checkRd: (-1) icdglm.Rd:33: Lost braces in \itemize; \value handles \item{}{} directly checkRd: (-1) icdglm.Rd:34: Lost braces in \itemize; \value handles \item{}{} directly checkRd: (-1) icdglm.Rd:35: Lost braces in \itemize; \value handles \item{}{} directly checkRd: (-1) icdglm.Rd:36: Lost braces in \itemize; \value handles \item{}{} directly checkRd: (-1) icdglm.Rd:37: Lost braces in \itemize; \value handles \item{}{} directly checkRd: (-1) icdglm.Rd:38: Lost braces in \itemize; \value handles \item{}{} directly checkRd: (-1) icdglm.Rd:39: Lost braces in \itemize; \value handles \item{}{} directly checkRd: (-1) icdglm.Rd:40: Lost braces in \itemize; \value handles \item{}{} directly checkRd: (-1) icdglm.Rd:41: Lost braces in \itemize; \value handles \item{}{} directly checkRd: (-1) icdglm.Rd:42: Lost braces in \itemize; \value handles \item{}{} directly checkRd: (-1) icdglm.Rd:43: Lost braces in \itemize; \value handles \item{}{} directly checkRd: (-1) icdglm.Rd:44: Lost braces in \itemize; \value handles \item{}{} directly checkRd: (-1) icdglm.Rd:45: Lost braces in \itemize; \value handles \item{}{} directly checkRd: (-1) icdglm.Rd:46: Lost braces in \itemize; \value handles \item{}{} directly checkRd: (-1) icdglm.Rd:47: Lost braces in \itemize; \value handles \item{}{} directly checkRd: (-1) icdglm.Rd:48: Lost braces in \itemize; \value handles \item{}{} directly checkRd: (-1) icdglm.Rd:49: Lost braces in \itemize; \value handles \item{}{} directly checkRd: (-1) icdglm.Rd:50: Lost braces in \itemize; \value handles \item{}{} directly checkRd: (-1) icdglm.Rd:51: Lost braces in \itemize; \value handles \item{}{} directly checkRd: (-1) icdglm.Rd:52: Lost braces in \itemize; \value handles \item{}{} directly checkRd: (-1) icdglm.Rd:53: Lost braces in \itemize; \value handles \item{}{} directly checkRd: (-1) icdglm.Rd:54: Lost braces in \itemize; \value handles \item{}{} directly checkRd: (-1) icdglm.Rd:55: Lost braces in \itemize; \value handles \item{}{} directly checkRd: (-1) icdglm.fit.Rd:26: Lost braces in \itemize; \value handles \item{}{} directly checkRd: (-1) icdglm.fit.Rd:27: Lost braces in \itemize; \value handles \item{}{} directly checkRd: (-1) icdglm.fit.Rd:28: Lost braces in \itemize; \value handles \item{}{} directly checkRd: (-1) icdglm.fit.Rd:29: Lost braces in \itemize; \value handles \item{}{} directly checkRd: (-1) icdglm.fit.Rd:30: Lost braces in \itemize; \value handles \item{}{} directly checkRd: (-1) icdglm.fit.Rd:31: Lost braces in \itemize; \value handles \item{}{} directly checkRd: (-1) icdglm.fit.Rd:32: Lost braces in \itemize; \value handles \item{}{} directly checkRd: (-1) icdglm.fit.Rd:33: Lost braces in \itemize; \value handles \item{}{} directly checkRd: (-1) icdglm.fit.Rd:34: Lost braces in \itemize; \value handles \item{}{} directly checkRd: (-1) icdglm.fit.Rd:35: Lost braces in \itemize; \value handles \item{}{} directly checkRd: (-1) icdglm.fit.Rd:36: Lost braces in \itemize; \value handles \item{}{} directly checkRd: (-1) icdglm.fit.Rd:37: Lost braces in \itemize; \value handles \item{}{} directly checkRd: (-1) icdglm.fit.Rd:38: Lost braces in \itemize; \value handles \item{}{} directly checkRd: (-1) icdglm.fit.Rd:39: Lost braces in \itemize; \value handles \item{}{} directly checkRd: (-1) icdglm.fit.Rd:40: Lost braces in \itemize; \value handles \item{}{} directly checkRd: (-1) icdglm.fit.Rd:41: Lost braces in \itemize; \value handles \item{}{} directly checkRd: (-1) icdglm.fit.Rd:42: Lost braces in \itemize; \value handles \item{}{} directly checkRd: (-1) icdglm.fit.Rd:43: Lost braces in \itemize; \value handles \item{}{} directly checkRd: (-1) icdglm.fit.Rd:44: Lost braces in \itemize; \value handles \item{}{} directly checkRd: (-1) icdglm.fit.Rd:45: Lost braces in \itemize; \value handles \item{}{} directly checkRd: (-1) icdglm.fit.Rd:46: Lost braces in \itemize; \value handles \item{}{} directly checkRd: (-1) icdglm.fit.Rd:47: Lost braces in \itemize; \value handles \item{}{} directly checkRd: (-1) icdglm.fit.Rd:48: Lost braces in \itemize; \value handles \item{}{} directly checkRd: (-1) icdglm.fit.Rd:49: Lost braces in \itemize; \value handles \item{}{} directly checkRd: (-1) icdglm.fit.Rd:50: Lost braces in \itemize; \value handles \item{}{} directly checkRd: (-1) icdglm.fit.Rd:51: Lost braces in \itemize; \value handles \item{}{} directly checkRd: (-1) icdglm.fit.Rd:52: Lost braces in \itemize; \value handles \item{}{} directly checkRd: (-1) summary.icdglm.Rd:23: Lost braces in \itemize; \value handles \item{}{} directly checkRd: (-1) summary.icdglm.Rd:24: Lost braces in \itemize; \value handles \item{}{} directly checkRd: (-1) summary.icdglm.Rd:25: Lost braces in \itemize; \value handles \item{}{} directly checkRd: (-1) summary.icdglm.Rd:26: Lost braces in \itemize; \value handles \item{}{} directly checkRd: (-1) summary.icdglm.Rd:27: Lost braces in \itemize; \value handles \item{}{} directly checkRd: (-1) summary.icdglm.Rd:28: Lost braces in \itemize; \value handles \item{}{} directly checkRd: (-1) summary.icdglm.Rd:29: Lost braces in \itemize; \value handles \item{}{} directly checkRd: (-1) summary.icdglm.Rd:30: Lost braces in \itemize; \value handles \item{}{} directly checkRd: (-1) summary.icdglm.Rd:31: Lost braces in \itemize; \value handles \item{}{} directly checkRd: (-1) summary.icdglm.Rd:32: Lost braces in \itemize; \value handles \item{}{} directly checkRd: (-1) summary.icdglm.Rd:33: Lost braces in \itemize; \value handles \item{}{} directly checkRd: (-1) summary.icdglm.Rd:34: Lost braces in \itemize; \value handles \item{}{} directly checkRd: (-1) summary.icdglm.Rd:35: Lost braces in \itemize; \value handles \item{}{} directly checkRd: (-1) summary.icdglm.Rd:36: Lost braces in \itemize; \value handles \item{}{} directly checkRd: (-1) summary.icdglm.Rd:37: Lost braces in \itemize; \value handles \item{}{} directly checkRd: (-1) summary.icdglm.Rd:38: Lost braces in \itemize; \value handles \item{}{} directly checkRd: (-1) summary.icdglm.Rd:39: Lost braces in \itemize; \value handles \item{}{} directly checkRd: (-1) summary.icdglm.Rd:40: Lost braces in \itemize; \value handles \item{}{} directly Flavors: r-devel-linux-x86_64-debian-clang, r-devel-linux-x86_64-debian-gcc, r-devel-linux-x86_64-fedora-clang, r-devel-linux-x86_64-fedora-gcc, r-devel-windows-x86_64, r-patched-linux-x86_64, r-release-linux-x86_64, r-release-macos-arm64, r-release-macos-x86_64, r-release-windows-x86_64