CRAN Package Check Results for Package idmodelr

Last updated on 2019-10-23 05:46:30 CEST.

Flavor Version Tinstall Tcheck Ttotal Status Flags
r-devel-linux-x86_64-debian-clang 0.3.1 6.62 61.84 68.46 OK
r-devel-linux-x86_64-debian-gcc 0.3.1 5.17 48.97 54.14 OK
r-devel-linux-x86_64-fedora-clang 0.3.1 82.97 OK
r-devel-linux-x86_64-fedora-gcc 0.3.1 80.41 OK
r-devel-windows-ix86+x86_64 0.3.1 17.00 144.00 161.00 OK
r-patched-linux-x86_64 0.3.1 6.02 60.20 66.22 OK
r-patched-solaris-x86 0.3.1 126.90 WARN
r-release-linux-x86_64 0.3.1 7.41 60.11 67.52 OK
r-release-windows-ix86+x86_64 0.3.1 24.00 91.00 115.00 OK
r-release-osx-x86_64 0.3.1 WARN
r-oldrel-windows-ix86+x86_64 0.3.1 16.00 124.00 140.00 OK
r-oldrel-osx-x86_64 0.3.1 WARN

Check Details

Version: 0.3.1
Check: re-building of vignette outputs
Result: WARN
    Error(s) in re-building vignettes:
     ...
    --- re-building ‘model_details.Rmd’ using rmarkdown
    Warning in engine$weave(file, quiet = quiet, encoding = enc) :
     Pandoc (>= 1.12.3) and/or pandoc-citeproc not available. Falling back to R Markdown v1.
    Quitting from lines 25-32 (model_details.Rmd)
    Error: processing vignette 'model_details.Rmd' failed with diagnostics:
    there is no package called 'webshot'
    --- failed re-building ‘model_details.Rmd’
    
    --- re-building ‘parameter_details.Rmd’ using rmarkdown
    Warning in engine$weave(file, quiet = quiet, encoding = enc) :
     Pandoc (>= 1.12.3) and/or pandoc-citeproc not available. Falling back to R Markdown v1.
    Quitting from lines 24-31 (parameter_details.Rmd)
    Error: processing vignette 'parameter_details.Rmd' failed with diagnostics:
    there is no package called 'webshot'
    --- failed re-building ‘parameter_details.Rmd’
    
    --- re-building ‘resources.Rmd’ using rmarkdown
    Warning in engine$weave(file, quiet = quiet, encoding = enc) :
     Pandoc (>= 1.12.3) and/or pandoc-citeproc not available. Falling back to R Markdown v1.
    --- finished re-building ‘resources.Rmd’
    
    SUMMARY: processing the following files failed:
     ‘model_details.Rmd’ ‘parameter_details.Rmd’
    
    Error: Vignette re-building failed.
    Execution halted
Flavor: r-patched-solaris-x86

Version: 0.3.1
Check: re-building of vignette outputs
Result: WARN
    Error(s) in re-building vignettes:
    --- re-building ‘model_details.Rmd’ using rmarkdown
    Warning in engine$weave(file, quiet = quiet, encoding = enc) :
     Pandoc (>= 1.12.3) and/or pandoc-citeproc not available. Falling back to R Markdown v1.
    Quitting from lines 25-32 (model_details.Rmd)
    Error: processing vignette 'model_details.Rmd' failed with diagnostics:
    cannot open the connection
    --- failed re-building ‘model_details.Rmd’
    
    --- re-building ‘parameter_details.Rmd’ using rmarkdown
    Warning in engine$weave(file, quiet = quiet, encoding = enc) :
     Pandoc (>= 1.12.3) and/or pandoc-citeproc not available. Falling back to R Markdown v1.
    Quitting from lines 24-31 (parameter_details.Rmd)
    Error: processing vignette 'parameter_details.Rmd' failed with diagnostics:
    cannot open the connection
    --- failed re-building ‘parameter_details.Rmd’
    
    --- re-building ‘resources.Rmd’ using rmarkdown
    Warning in engine$weave(file, quiet = quiet, encoding = enc) :
     Pandoc (>= 1.12.3) and/or pandoc-citeproc not available. Falling back to R Markdown v1.
    --- finished re-building ‘resources.Rmd’
    
    SUMMARY: processing the following files failed:
     ‘model_details.Rmd’ ‘parameter_details.Rmd’
    
    Error: Vignette re-building failed.
    Execution halted
Flavor: r-release-osx-x86_64

Version: 0.3.1
Check: re-building of vignette outputs
Result: WARN
    Error in re-building vignettes:
     ...
    Warning in engine$weave(file, quiet = quiet, encoding = enc) :
     Pandoc (>= 1.12.3) and/or pandoc-citeproc not available. Falling back to R Markdown v1.
    Quitting from lines 25-32 (model_details.Rmd)
    Error: processing vignette 'model_details.Rmd' failed with diagnostics:
    cannot open the connection
    Execution halted
Flavor: r-oldrel-osx-x86_64