CRAN Package Check Results for Package igate

Last updated on 2021-12-06 05:53:12 CET.

Flavor Version Tinstall Tcheck Ttotal Status Flags
r-devel-linux-x86_64-debian-clang 0.3.3 6.12 81.43 87.55 OK
r-devel-linux-x86_64-debian-gcc 0.3.3 4.96 62.26 67.22 OK
r-devel-linux-x86_64-fedora-clang 0.3.3 104.35 NOTE
r-devel-linux-x86_64-fedora-gcc 0.3.3 92.43 NOTE
r-devel-windows-x86_64-new-UL 0.3.3 14.00 120.00 134.00 OK
r-devel-windows-x86_64-new-TK 0.3.3 NOTE
r-devel-windows-x86_64-old 0.3.3 11.00 76.00 87.00 OK
r-patched-linux-x86_64 0.3.3 6.05 67.14 73.19 OK
r-release-linux-x86_64 0.3.3 5.19 74.68 79.87 OK
r-release-macos-arm64 0.3.3 NOTE
r-release-macos-x86_64 0.3.3 NOTE
r-release-windows-ix86+x86_64 0.3.3 15.00 96.00 111.00 OK
r-oldrel-macos-x86_64 0.3.3 NOTE
r-oldrel-windows-ix86+x86_64 0.3.3 15.00 93.00 108.00 OK

Check Details

Version: 0.3.3
Check: dependencies in R code
Result: NOTE
    Namespaces in Imports field not imported from:
     ‘kableExtra’ ‘knitr’ ‘xtable’
     All declared Imports should be used.
Flavors: r-devel-linux-x86_64-fedora-clang, r-devel-linux-x86_64-fedora-gcc, r-devel-windows-x86_64-new-TK, r-release-macos-arm64, r-release-macos-x86_64, r-oldrel-macos-x86_64