CRAN Package Check Results for Package imbalance

Last updated on 2019-08-23 05:46:56 CEST.

Flavor Version Tinstall Tcheck Ttotal Status Flags
r-devel-linux-x86_64-debian-clang 1.0.0 46.58 89.45 136.03 NOTE
r-devel-linux-x86_64-debian-gcc 1.0.0 34.18 71.33 105.51 NOTE
r-devel-linux-x86_64-fedora-clang 1.0.0 184.67 NOTE
r-devel-linux-x86_64-fedora-gcc 1.0.0 171.49 NOTE
r-devel-windows-ix86+x86_64 1.0.0 123.00 213.00 336.00 OK
r-patched-linux-x86_64 1.0.0 40.34 87.07 127.41 NOTE
r-patched-solaris-x86 1.0.0 209.30 OK
r-release-linux-x86_64 1.0.0 38.91 88.85 127.76 NOTE
r-release-windows-ix86+x86_64 1.0.0 130.00 220.00 350.00 OK
r-release-osx-x86_64 1.0.0 OK
r-oldrel-windows-ix86+x86_64 1.0.0 111.00 207.00 318.00 OK
r-oldrel-osx-x86_64 1.0.0 OK

Check Details

Version: 1.0.0
Check: use of SHLIB_OPENMP_*FLAGS in Makefiles
Result: NOTE
     src/Makevars: SHLIB_OPENMP_CXXFLAGS is included in PKG_CXXFLAGS but not in PKG_LIBS
     src/Makevars: SHLIB_OPENMP_CFLAGS is included in PKG_LIBS but linking is by C++
     src/Makevars.win: SHLIB_OPENMP_CXXFLAGS is included in PKG_CXXFLAGS but not in PKG_LIBS
     src/Makevars.win: SHLIB_OPENMP_CFLAGS is included in PKG_LIBS but linking is by C++
    Use of these macros is discussed in sect 1.2.1.1 of 'Writing R
    Extensions'. The macros for different languages may differ so the
    matching macro must be used in PKG_CXXFLAGS (etc) and match that used
    in PKG_LIBS (except for Fortran: see the manual).
Flavors: r-devel-linux-x86_64-debian-clang, r-devel-linux-x86_64-debian-gcc, r-devel-linux-x86_64-fedora-clang, r-devel-linux-x86_64-fedora-gcc, r-patched-linux-x86_64, r-release-linux-x86_64