CRAN Package Check Results for Package imgrec

Last updated on 2021-12-06 05:53:12 CET.

Flavor Version Tinstall Tcheck Ttotal Status Flags
r-devel-linux-x86_64-debian-clang 0.1.2 4.16 53.96 58.12 OK
r-devel-linux-x86_64-debian-gcc 0.1.2 3.62 41.52 45.14 OK
r-devel-linux-x86_64-fedora-clang 0.1.2 73.21 NOTE
r-devel-linux-x86_64-fedora-gcc 0.1.2 59.70 NOTE
r-devel-windows-x86_64-new-UL 0.1.2 12.00 87.00 99.00 OK
r-devel-windows-x86_64-new-TK 0.1.2 NOTE
r-devel-windows-x86_64-old 0.1.2 9.00 51.00 60.00 OK
r-patched-linux-x86_64 0.1.2 4.52 43.15 47.67 OK
r-release-linux-x86_64 0.1.2 4.28 50.96 55.24 OK
r-release-macos-arm64 0.1.2 NOTE
r-release-macos-x86_64 0.1.2 NOTE
r-release-windows-ix86+x86_64 0.1.2 12.00 64.00 76.00 OK
r-oldrel-macos-x86_64 0.1.2 NOTE
r-oldrel-windows-ix86+x86_64 0.1.2 12.00 64.00 76.00 OK

Check Details

Version: 0.1.2
Check: dependencies in R code
Result: NOTE
    Namespace in Imports field not imported from: ‘knitr’
     All declared Imports should be used.
Flavors: r-devel-linux-x86_64-fedora-clang, r-devel-linux-x86_64-fedora-gcc, r-devel-windows-x86_64-new-TK, r-release-macos-arm64, r-release-macos-x86_64, r-oldrel-macos-x86_64