CRAN Package Check Results for Package imputeTS

Last updated on 2022-01-19 05:48:28 CET.

Flavor Version Tinstall Tcheck Ttotal Status Flags
r-devel-linux-x86_64-debian-clang 3.2 33.18 186.39 219.57 OK
r-devel-linux-x86_64-debian-gcc 3.2 26.85 135.49 162.34 OK
r-devel-linux-x86_64-fedora-clang 3.2 278.98 OK
r-devel-linux-x86_64-fedora-gcc 3.2 261.76 OK
r-devel-windows-x86_64-new-UL 3.2 104.00 259.00 363.00 OK
r-devel-windows-x86_64-new-TK 3.2 OK
r-patched-linux-x86_64 3.2 29.84 182.07 211.91 OK
r-release-linux-x86_64 3.2 OK
r-release-macos-arm64 3.2 OK
r-release-macos-x86_64 3.2 OK
r-release-windows-ix86+x86_64 3.2 83.00 358.00 441.00 NOTE
r-oldrel-macos-x86_64 3.2 OK
r-oldrel-windows-ix86+x86_64 3.2 84.00 357.00 441.00 NOTE

Check Details

Version: 3.2
Check: installed package size
Result: NOTE
     installed size is 5.1Mb
     sub-directories of 1Mb or more:
     data 1.3Mb
     doc 1.1Mb
     libs 2.1Mb
Flavors: r-release-windows-ix86+x86_64, r-oldrel-windows-ix86+x86_64