CRAN Package Check Results for Package indiedown

Last updated on 2022-01-27 05:55:56 CET.

Flavor Version Tinstall Tcheck Ttotal Status Flags
r-devel-linux-x86_64-debian-clang 0.1.1 2.22 41.53 43.75 NOTE
r-devel-linux-x86_64-debian-gcc 0.1.1 1.91 32.82 34.73 NOTE
r-devel-linux-x86_64-fedora-clang 0.1.1 54.33 NOTE
r-devel-linux-x86_64-fedora-gcc 0.1.1 42.91 NOTE
r-devel-windows-x86_64-new-UL 0.1.1 51.00 71.00 122.00 NOTE
r-devel-windows-x86_64-new-TK 0.1 NOTE
r-patched-linux-x86_64 0.1.1 2.49 41.32 43.81 NOTE
r-release-linux-x86_64 0.1.1 2.35 40.67 43.02 NOTE
r-release-macos-arm64 0.1.1 NOTE
r-release-macos-x86_64 0.1.1 NOTE
r-release-windows-ix86+x86_64 0.1.1 6.00 55.00 61.00 NOTE
r-oldrel-macos-x86_64 0.1.1 OK
r-oldrel-windows-ix86+x86_64 0.1.1 6.00 54.00 60.00 OK

Check Details

Version: 0.1.1
Check: LazyData
Result: NOTE
     'LazyData' is specified without a 'data' directory
Flavors: r-devel-linux-x86_64-debian-clang, r-devel-linux-x86_64-debian-gcc, r-devel-linux-x86_64-fedora-clang, r-devel-linux-x86_64-fedora-gcc, r-devel-windows-x86_64-new-UL, r-devel-windows-x86_64-new-TK, r-patched-linux-x86_64, r-release-linux-x86_64, r-release-macos-arm64, r-release-macos-x86_64, r-release-windows-ix86+x86_64