CRAN Package Check Results for Package infinitefactor

Last updated on 2022-08-10 05:54:51 CEST.

Flavor Version Tinstall Tcheck Ttotal Status Flags
r-devel-linux-x86_64-debian-clang 1.0 63.77 85.53 149.30 OK
r-devel-linux-x86_64-debian-gcc 1.0 49.67 61.14 110.81 OK
r-devel-linux-x86_64-fedora-clang 1.0 204.98 OK
r-devel-linux-x86_64-fedora-gcc 1.0 194.84 OK
r-devel-windows-x86_64 1.0 66.00 133.00 199.00 OK
r-patched-linux-x86_64 1.0 50.89 78.80 129.69 OK
r-release-linux-x86_64 1.0 OK
r-release-macos-arm64 1.0 48.00 NOTE
r-release-macos-x86_64 1.0 85.00 OK
r-release-windows-x86_64 1.0 238.00 128.00 366.00 OK
r-oldrel-macos-arm64 1.0 62.00 NOTE
r-oldrel-macos-x86_64 1.0 77.00 NOTE
r-oldrel-windows-ix86+x86_64 1.0 153.00 164.00 317.00 OK

Check Details

Version: 1.0
Check: installed package size
Result: NOTE
     installed size is 5.2Mb
     sub-directories of 1Mb or more:
     libs 5.1Mb
Flavors: r-release-macos-arm64, r-oldrel-macos-arm64, r-oldrel-macos-x86_64