CRAN Package Check Results for Package inlabru

Last updated on 2022-01-25 05:54:46 CET.

Flavor Version Tinstall Tcheck Ttotal Status Flags
r-devel-linux-x86_64-debian-clang 2.4.0 19.84 194.27 214.11 NOTE
r-devel-linux-x86_64-debian-gcc 2.4.0 19.28 152.58 171.86 NOTE
r-devel-linux-x86_64-fedora-clang 2.4.0 344.33 OK
r-devel-linux-x86_64-fedora-gcc 2.4.0 341.48 OK
r-devel-windows-x86_64-new-UL 2.4.0 162.00 245.00 407.00 NOTE
r-devel-windows-x86_64-new-TK 2.4.0 NOTE
r-patched-linux-x86_64 2.4.0 20.98 190.09 211.07 NOTE
r-release-linux-x86_64 2.4.0 18.81 192.27 211.08 NOTE
r-release-macos-arm64 2.4.0 NOTE
r-release-macos-x86_64 2.4.0 NOTE
r-release-windows-ix86+x86_64 2.4.0 36.00 238.00 274.00 OK
r-oldrel-macos-x86_64 2.4.0 NOTE
r-oldrel-windows-ix86+x86_64 2.4.0 36.00 241.00 277.00 OK

Additional issues

donttest

Check Details

Version: 2.4.0
Check: package dependencies
Result: NOTE
    Package suggested but not available for checking: 'INLA'
Flavors: r-devel-linux-x86_64-debian-clang, r-devel-linux-x86_64-debian-gcc, r-devel-windows-x86_64-new-UL, r-devel-windows-x86_64-new-TK, r-patched-linux-x86_64, r-release-linux-x86_64, r-release-macos-arm64, r-release-macos-x86_64, r-oldrel-macos-x86_64