Last updated on 2019-12-07 05:47:35 CET.
Flavor | Version | Tinstall | Tcheck | Ttotal | Status | Flags |
---|---|---|---|---|---|---|
r-devel-linux-x86_64-debian-clang | 0.7.1 | 10.78 | 175.80 | 186.58 | OK | |
r-devel-linux-x86_64-debian-gcc | 0.7.1 | 8.77 | 131.19 | 139.96 | OK | |
r-devel-linux-x86_64-fedora-clang | 0.7.1 | 228.59 | OK | |||
r-devel-linux-x86_64-fedora-gcc | 0.7.1 | 210.10 | OK | |||
r-devel-windows-ix86+x86_64 | 0.7.1 | 25.00 | 223.00 | 248.00 | WARN | |
r-devel-windows-ix86+x86_64-gcc8 | 0.7.1 | 17.00 | 175.00 | 192.00 | OK | |
r-patched-linux-x86_64 | 0.7.1 | 9.64 | 153.40 | 163.04 | OK | |
r-patched-solaris-x86 | 0.7.1 | 280.20 | OK | |||
r-release-linux-x86_64 | 0.7.1 | 8.85 | 155.71 | 164.56 | OK | |
r-release-windows-ix86+x86_64 | 0.7.1 | 30.00 | 178.00 | 208.00 | OK | |
r-release-osx-x86_64 | 0.7.1 | OK | ||||
r-oldrel-windows-ix86+x86_64 | 0.7.1 | 13.00 | 235.00 | 248.00 | OK | |
r-oldrel-osx-x86_64 | 0.7.1 | OK |
Version: 0.7.1
Check: re-building of vignette outputs
Result: WARN
Error(s) in re-building vignettes:
--- re-building 'insight.Rmd' using rmarkdown
Error: processing vignette 'insight.Rmd' failed with diagnostics:
there is no package called 'stringi'
--- failed re-building 'insight.Rmd'
SUMMARY: processing the following file failed:
'insight.Rmd'
Error: Vignette re-building failed.
Execution halted
Flavor: r-devel-windows-ix86+x86_64