CRAN Package Check Results for Package integr

Last updated on 2019-09-20 05:46:57 CEST.

Flavor Version Tinstall Tcheck Ttotal Status Flags
r-devel-linux-x86_64-debian-clang 1.0.0 8.55 88.06 96.61 OK
r-devel-linux-x86_64-debian-gcc 1.0.0 8.26 67.53 75.79 OK
r-devel-linux-x86_64-fedora-clang 1.0.0 93.54 OK
r-devel-linux-x86_64-fedora-gcc 1.0.0 90.43 OK
r-devel-windows-ix86+x86_64 1.0.0 38.00 148.00 186.00 OK
r-patched-linux-x86_64 1.0.0 9.91 85.44 95.35 OK
r-release-linux-x86_64 1.0.0 9.17 85.82 94.99 OK
r-release-windows-ix86+x86_64 1.0.0 23.00 136.00 159.00 OK
r-release-osx-x86_64 1.0.0 WARN
r-oldrel-windows-ix86+x86_64 1.0.0 10.00 90.00 100.00 OK
r-oldrel-osx-x86_64 1.0.0 WARN

Check Details

Version: 1.0.0
Check: re-building of vignette outputs
Result: WARN
    Error(s) in re-building vignettes:
    --- re-building ‘IntGraphTutorial.Rmd’ using rmarkdown
    Warning in engine$weave(file, quiet = quiet, encoding = enc) :
     Pandoc (>= 1.12.3) and/or pandoc-citeproc not available. Falling back to R Markdown v1.
    Loading required package: dplyr
    
    Attaching package: 'dplyr'
    
    The following objects are masked from 'package:stats':
    
     filter, lag
    
    The following objects are masked from 'package:base':
    
     intersect, setdiff, setequal, union
    
    Loading required package: DiagrammeR
    Loading required package: DiagrammeRsvg
    Loading required package: rsvg
    Loading required package: gtools
    PhantomJS not found. You can install it with webshot::install_phantomjs(). If it is installed, please make sure the phantomjs executable can be found via the PATH variable.
    Warning in normalizePath(f2) :
     path[1]="webshot15a63ac4ea79.png": No such file or directory
    Warning in file(con, "rb") :
     cannot open file 'webshot15a63ac4ea79.png': No such file or directory
    Quitting from lines 32-34 (IntGraphTutorial.Rmd)
    Error: processing vignette 'IntGraphTutorial.Rmd' failed with diagnostics:
    cannot open the connection
    --- failed re-building ‘IntGraphTutorial.Rmd’
    
    SUMMARY: processing the following file failed:
     ‘IntGraphTutorial.Rmd’
    
    Error: Vignette re-building failed.
    Execution halted
Flavor: r-release-osx-x86_64

Version: 1.0.0
Check: re-building of vignette outputs
Result: WARN
    Error in re-building vignettes:
     ...
    Loading required package: dplyr
    
    Attaching package: 'dplyr'
    
    The following objects are masked from 'package:stats':
    
     filter, lag
    
    The following objects are masked from 'package:base':
    
     intersect, setdiff, setequal, union
    
    Loading required package: DiagrammeR
    Loading required package: DiagrammeRsvg
    Loading required package: rsvg
    Loading required package: gtools
    PhantomJS not found. You can install it with webshot::install_phantomjs(). If it is installed, please make sure the phantomjs executable can be found via the PATH variable.
    Warning in normalizePath(f2) :
     path[1]="webshot10ff62900e600.png": No such file or directory
    Warning in file(con, "rb") :
     cannot open file 'webshot10ff62900e600.png': No such file or directory
    Quitting from lines 32-34 (IntGraphTutorial.Rmd)
    Error: processing vignette 'IntGraphTutorial.Rmd' failed with diagnostics:
    cannot open the connection
    Execution halted
Flavor: r-oldrel-osx-x86_64