Last updated on 2023-10-01 06:53:10 CEST.
Flavor | Version | Tinstall | Tcheck | Ttotal | Status | Flags |
---|---|---|---|---|---|---|
r-devel-linux-x86_64-debian-clang | 1.2.6 | 91.30 | 184.38 | 275.68 | NOTE | |
r-devel-linux-x86_64-debian-gcc | 1.2.6 | 69.77 | 134.17 | 203.94 | NOTE | |
r-devel-linux-x86_64-fedora-clang | 1.2.6 | 368.75 | NOTE | |||
r-devel-linux-x86_64-fedora-gcc | 1.2.6 | 383.42 | NOTE | |||
r-devel-windows-x86_64 | 1.2.6 | 74.00 | 152.00 | 226.00 | NOTE | |
r-patched-linux-x86_64 | 1.2.6 | 75.73 | 179.46 | 255.19 | NOTE | |
r-release-linux-x86_64 | 1.2.6 | 94.30 | 175.34 | 269.64 | NOTE | |
r-release-macos-arm64 | 1.2.6 | 90.00 | NOTE | |||
r-release-macos-x86_64 | 1.2.6 | 148.00 | NOTE | |||
r-release-windows-x86_64 | 1.2.6 | 98.00 | 183.00 | 281.00 | NOTE | |
r-oldrel-macos-arm64 | 1.2.6 | 80.00 | OK | |||
r-oldrel-macos-x86_64 | 1.2.6 | 115.00 | OK | |||
r-oldrel-windows-x86_64 | 1.2.6 | 97.00 | 190.00 | 287.00 | OK |
Version: 1.2.6
Check: C++ specification
Result: NOTE
Specified C++11: please drop specification unless essential
Flavors: r-devel-linux-x86_64-debian-clang, r-devel-linux-x86_64-debian-gcc, r-devel-linux-x86_64-fedora-clang, r-devel-linux-x86_64-fedora-gcc, r-devel-windows-x86_64, r-patched-linux-x86_64, r-release-linux-x86_64, r-release-macos-arm64, r-release-macos-x86_64, r-release-windows-x86_64