CRAN Package Check Results for Package interflex

Last updated on 2022-09-24 05:51:05 CEST.

Flavor Version Tinstall Tcheck Ttotal Status Flags
r-devel-linux-x86_64-debian-clang 1.2.6 100.03 180.42 280.45 OK
r-devel-linux-x86_64-debian-gcc 1.2.6 73.84 134.62 208.46 OK
r-devel-linux-x86_64-fedora-clang 1.2.6 360.59 OK
r-devel-linux-x86_64-fedora-gcc 1.2.6 350.40 OK
r-devel-windows-x86_64 1.2.6 79.00 205.00 284.00 OK
r-patched-linux-x86_64 1.2.6 82.18 169.89 252.07 OK
r-release-linux-x86_64 1.2.6 81.80 170.61 252.41 OK
r-release-macos-arm64 1.2.6 80.00 OK
r-release-macos-x86_64 1.2.6 6.00 ERROR
r-release-windows-x86_64 1.2.6 80.00 203.00 283.00 OK
r-oldrel-macos-arm64 1.2.6 92.00 OK
r-oldrel-macos-x86_64 1.2.6 150.00 OK
r-oldrel-windows-ix86+x86_64 1.2.6 208.00 250.00 458.00 OK

Check Details

Version: 1.2.6
Check: package dependencies
Result: ERROR
    Package required but not available: ‘pcse’
    
    See section ‘The DESCRIPTION file’ in the ‘Writing R Extensions’
    manual.
Flavor: r-release-macos-x86_64