CRAN Package Check Results for Package interfr

Last updated on 2024-06-18 05:57:39 CEST.

Flavor Version Tinstall Tcheck Ttotal Status Flags
r-devel-linux-x86_64-debian-clang 0.1.0 2.75 27.62 30.37 OK
r-devel-linux-x86_64-debian-gcc 0.1.0 2.15 22.25 24.40 OK
r-devel-linux-x86_64-fedora-clang 0.1.0 39.17 NOTE
r-devel-linux-x86_64-fedora-gcc 0.1.0 36.65 OK
r-devel-windows-x86_64 0.1.0 4.00 51.00 55.00 OK
r-patched-linux-x86_64 0.1.0 2.63 27.20 29.83 OK
r-release-linux-x86_64 0.1.0 2.36 26.99 29.35 OK
r-release-macos-arm64 0.1.0 17.00 OK
r-release-macos-x86_64 0.1.0 27.00 OK
r-release-windows-x86_64 0.1.0 3.00 49.00 52.00 OK
r-oldrel-macos-arm64 0.1.0 18.00 OK
r-oldrel-macos-x86_64 0.1.0 22.00 OK
r-oldrel-windows-x86_64 0.1.0 4.00 48.00 52.00 OK

Check Details

Version: 0.1.0
Check: Rd cross-references
Result: NOTE Undeclared package ‘colorspace’ in Rd xrefs Flavor: r-devel-linux-x86_64-fedora-clang