CRAN Package Check Results for Package interp

Last updated on 2022-08-16 05:54:01 CEST.

Flavor Version Tinstall Tcheck Ttotal Status Flags
r-devel-linux-x86_64-debian-clang 1.1-3 148.85 211.90 360.75 OK
r-devel-linux-x86_64-debian-gcc 1.1-3 117.58 158.93 276.51 OK
r-devel-linux-x86_64-fedora-clang 1.1-3 465.44 OK
r-devel-linux-x86_64-fedora-gcc 1.1-3 463.88 OK
r-devel-windows-x86_64 1.1-3 108.00 303.00 411.00 OK
r-patched-linux-x86_64 1.1-3 130.50 201.26 331.76 OK
r-release-linux-x86_64 1.1-3 127.55 201.49 329.04 OK
r-release-macos-arm64 1.1-3 166.00 NOTE
r-release-macos-x86_64 1.1-3 216.00 NOTE
r-release-windows-x86_64 1.1-3 122.00 299.00 421.00 OK
r-oldrel-macos-arm64 1.1-3 150.00 NOTE
r-oldrel-macos-x86_64 1.1-3 215.00 NOTE
r-oldrel-windows-ix86+x86_64 1.1-3 317.00 305.00 622.00 OK

Check Details

Version: 1.1-3
Check: installed package size
Result: NOTE
     installed size is 31.9Mb
     sub-directories of 1Mb or more:
     libs 31.0Mb
Flavors: r-release-macos-arm64, r-release-macos-x86_64, r-oldrel-macos-arm64, r-oldrel-macos-x86_64