CRAN Package Check Results for Package ip2proxy

Last updated on 2021-12-06 05:53:12 CET.

Flavor Version Tinstall Tcheck Ttotal Status Flags
r-devel-linux-x86_64-debian-clang 1.1.0 7.37 67.51 74.88 OK
r-devel-linux-x86_64-debian-gcc 1.1.0 6.18 53.71 59.89 OK
r-devel-linux-x86_64-fedora-clang 1.1.0 92.02 NOTE
r-devel-linux-x86_64-fedora-gcc 1.1.0 80.88 NOTE
r-devel-windows-x86_64-new-UL 1.1.0 12.00 93.00 105.00 OK
r-devel-windows-x86_64-new-TK 1.1.0 NOTE
r-devel-windows-x86_64-old 1.1.0 11.00 55.00 66.00 OK
r-patched-linux-x86_64 1.1.0 7.21 57.19 64.40 OK
r-release-linux-x86_64 1.1.0 7.80 66.08 73.88 OK
r-release-macos-arm64 1.1.0 NOTE
r-release-macos-x86_64 1.1.0 NOTE
r-release-windows-ix86+x86_64 1.1.0 16.00 81.00 97.00 OK
r-oldrel-macos-x86_64 1.1.0 NOTE
r-oldrel-windows-ix86+x86_64 1.1.0 16.00 80.00 96.00 OK

Check Details

Version: 1.1.0
Check: dependencies in R code
Result: NOTE
    Namespace in Imports field not imported from: ‘stringr’
     All declared Imports should be used.
Flavors: r-devel-linux-x86_64-fedora-clang, r-devel-linux-x86_64-fedora-gcc, r-devel-windows-x86_64-new-TK, r-release-macos-arm64, r-release-macos-x86_64, r-oldrel-macos-x86_64