CRAN Package Check Results for Package isotracer

Last updated on 2022-01-19 05:48:28 CET.

Flavor Version Tinstall Tcheck Ttotal Status Flags
r-devel-linux-x86_64-debian-clang 1.1.0 319.81 269.26 589.07 NOTE
r-devel-linux-x86_64-debian-gcc 1.1.0 180.76 206.99 387.75 NOTE
r-devel-linux-x86_64-fedora-clang 1.1.0 733.14 NOTE
r-devel-linux-x86_64-fedora-gcc 1.1.0 631.05 NOTE
r-devel-windows-x86_64-new-UL 1.1.0 91.00 9.00 100.00 ERROR
r-devel-windows-x86_64-new-TK 1.1.0 NOTE
r-patched-linux-x86_64 1.1.0 153.33 266.71 420.04 NOTE
r-release-linux-x86_64 1.1.0 ERROR
r-release-macos-arm64 1.1.0 NOTE
r-release-macos-x86_64 1.1.0 NOTE
r-release-windows-ix86+x86_64 1.1.0 452.00 469.00 921.00 NOTE
r-oldrel-macos-x86_64 1.1.0 NOTE
r-oldrel-windows-ix86+x86_64 1.1.0 437.00 481.00 918.00 NOTE

Check Details

Version: 1.1.0
Check: for GNU extensions in Makefiles
Result: NOTE
    GNU make is a SystemRequirements.
Flavors: r-devel-linux-x86_64-debian-clang, r-devel-linux-x86_64-debian-gcc, r-devel-linux-x86_64-fedora-clang, r-devel-linux-x86_64-fedora-gcc, r-devel-windows-x86_64-new-TK, r-patched-linux-x86_64, r-release-linux-x86_64, r-release-macos-arm64, r-release-macos-x86_64, r-release-windows-ix86+x86_64, r-oldrel-macos-x86_64, r-oldrel-windows-ix86+x86_64

Version: 1.1.0
Check: installed package size
Result: NOTE
     installed size is 51.6Mb
     sub-directories of 1Mb or more:
     doc 2.8Mb
     libs 46.7Mb
Flavors: r-devel-linux-x86_64-fedora-clang, r-release-macos-arm64, r-release-macos-x86_64, r-release-windows-ix86+x86_64, r-oldrel-macos-x86_64, r-oldrel-windows-ix86+x86_64

Version: 1.1.0
Check: dependencies in R code
Result: NOTE
    Namespace in Imports field not imported from: ‘rstantools’
     All declared Imports should be used.
Flavors: r-devel-linux-x86_64-fedora-clang, r-devel-linux-x86_64-fedora-gcc, r-devel-windows-x86_64-new-TK, r-release-macos-arm64, r-release-macos-x86_64, r-oldrel-macos-x86_64

Version: 1.1.0
Check: whether package can be installed
Result: ERROR
    Installation failed.
Flavor: r-devel-windows-x86_64-new-UL

Version: 1.1.0
Check: tests
Result: ERROR
     Running ‘testthat.R’ [92s/87s]
    Running the tests in ‘tests/testthat.R’ failed.
    Complete output:
     > library(testthat)
     > library(isotracer)
     To automatically run isotracer in parallel on a multicore CPU, you can call:
     options(mc.cores = parallel::detectCores())
    
    
     Attaching package: 'isotracer'
    
     The following object is masked from 'package:stats':
    
     filter
    
     >
     > test_check("isotracer")
     ══ Failed tests ════════════════════════════════════════════════════════════════
     ── Failure (test-integration.R:287:5): Models using Euler and matrix exponential solvers give similar posteriors ──
     min(overlaps) > 0.7 is not TRUE
    
     `actual`: FALSE
     `expected`: TRUE
    
     [ FAIL 1 | WARN 0 | SKIP 0 | PASS 282 ]
     Error: Test failures
     Execution halted
Flavor: r-release-linux-x86_64