CRAN Package Check Results for Package isotree

Last updated on 2022-09-27 05:52:15 CEST.

Flavor Version Tinstall Tcheck Ttotal Status Flags
r-devel-linux-x86_64-debian-clang 0.5.17 167.29 61.48 228.77 OK
r-devel-linux-x86_64-debian-gcc 0.5.17 146.36 42.96 189.32 OK
r-devel-linux-x86_64-fedora-clang 0.5.17 319.85 OK
r-devel-linux-x86_64-fedora-gcc 0.5.17 324.07 OK
r-devel-windows-x86_64 0.5.17 107.00 111.00 218.00 OK
r-patched-linux-x86_64 0.5.17 139.67 58.80 198.47 OK
r-release-linux-x86_64 0.5.17 144.82 57.02 201.84 OK
r-release-macos-arm64 0.5.17 70.00 NOTE
r-release-macos-x86_64 0.5.17 95.00 NOTE
r-release-windows-x86_64 0.5.17 113.00 112.00 225.00 OK
r-oldrel-macos-arm64 0.5.17 70.00 NOTE
r-oldrel-macos-x86_64 0.5.17 125.00 NOTE
r-oldrel-windows-ix86+x86_64 0.5.17 310.00 115.00 425.00 NOTE

Check Details

Version: 0.5.17
Check: installed package size
Result: NOTE
     installed size is 13.9Mb
     sub-directories of 1Mb or more:
     doc 1.6Mb
     libs 12.1Mb
Flavors: r-release-macos-arm64, r-release-macos-x86_64, r-oldrel-macos-arm64, r-oldrel-macos-x86_64, r-oldrel-windows-ix86+x86_64