CRAN Package Check Results for Package isva

Last updated on 2022-09-26 05:55:44 CEST.

Flavor Version Tinstall Tcheck Ttotal Status Flags
r-devel-linux-x86_64-debian-clang 1.9 6.54 60.31 66.85 NOTE
r-devel-linux-x86_64-debian-gcc 1.9 4.78 45.54 50.32 NOTE
r-devel-linux-x86_64-fedora-clang 1.9 90.93 NOTE
r-devel-linux-x86_64-fedora-gcc 1.9 86.75 NOTE
r-devel-windows-x86_64 1.9 12.00 88.00 100.00 OK
r-patched-linux-x86_64 1.9 6.11 57.61 63.72 NOTE
r-release-linux-x86_64 1.9 4.92 55.97 60.89 NOTE
r-release-macos-arm64 1.9 29.00 OK
r-release-macos-x86_64 1.9 37.00 OK
r-release-windows-x86_64 1.9 11.00 91.00 102.00 OK
r-oldrel-macos-arm64 1.9 36.00 OK
r-oldrel-macos-x86_64 1.9 48.00 OK
r-oldrel-windows-ix86+x86_64 1.9 17.00 82.00 99.00 OK

Check Details

Version: 1.9
Check: for non-standard things in the check directory
Result: NOTE
    Found the following files/directories:
     'RMTplot.pdf'
Flavors: r-devel-linux-x86_64-debian-clang, r-devel-linux-x86_64-debian-gcc, r-devel-linux-x86_64-fedora-clang, r-devel-linux-x86_64-fedora-gcc, r-patched-linux-x86_64, r-release-linux-x86_64