CRAN Package Check Results for Package iterators

Last updated on 2019-03-24 05:46:55 CET.

Flavor Version Tinstall Tcheck Ttotal Status Flags
r-devel-linux-x86_64-debian-clang 1.0.10 2.27 36.08 38.35 OK
r-devel-linux-x86_64-debian-gcc 1.0.10 1.60 28.23 29.83 OK
r-devel-linux-x86_64-fedora-clang 1.0.10 46.05 OK
r-devel-linux-x86_64-fedora-gcc 1.0.10 43.95 OK
r-devel-windows-ix86+x86_64 1.0.10 11.00 61.00 72.00 ERROR
r-patched-linux-x86_64 1.0.10 1.15 33.32 34.47 OK
r-patched-solaris-x86 1.0.10 62.10 OK
r-release-linux-x86_64 1.0.10 0.34 2.13 2.47 ERROR
r-release-windows-ix86+x86_64 1.0.10 4.00 62.00 66.00 OK
r-release-osx-x86_64 1.0.10 OK
r-oldrel-windows-ix86+x86_64 1.0.10 5.00 80.00 85.00 OK
r-oldrel-osx-x86_64 1.0.10 OK

Check Details

Version: 1.0.10
Check: examples
Result: ERROR
    Running examples in 'iterators-Ex.R' failed
    The error most likely occurred in:
    
    > ### Name: ireadLines
    > ### Title: Iterator over Lines of Text from a Connection
    > ### Aliases: ireadLines
    > ### Keywords: utilities
    >
    > ### ** Examples
    >
    > # create an iterator over the lines of COPYING
    > it <- ireadLines(file.path(R.home(), 'COPYING'))
    > nextElem(it)
    [1] "\t\t GNU GENERAL PUBLIC LICENSE"
    > nextElem(it)
    [1] "\t\t Version 2, June 1991"
    > nextElem(it)
    [1] ""
    >
    >
    >
    > cleanEx()
    Error: connections left open:
     D:/RCompile/recent/R/COPYING (file)
    Execution halted
Flavor: r-devel-windows-ix86+x86_64

Version: 1.0.10
Check: whether package can be installed
Result: ERROR
    Installation failed.
Flavor: r-release-linux-x86_64