Last updated on 2023-12-11 05:51:57 CET.
Flavor | Version | Tinstall | Tcheck | Ttotal | Status | Flags |
---|---|---|---|---|---|---|
r-devel-linux-x86_64-debian-clang | 1.0.1 | 37.19 | 123.18 | 160.37 | OK | |
r-devel-linux-x86_64-debian-gcc | 1.0.1 | 30.85 | 90.14 | 120.99 | OK | |
r-devel-linux-x86_64-fedora-clang | 1.0.1 | 211.44 | NOTE | |||
r-devel-linux-x86_64-fedora-gcc | 1.0.1 | 217.44 | NOTE | |||
r-devel-windows-x86_64 | 1.0.1 | 36.00 | 135.00 | 171.00 | OK | |
r-patched-linux-x86_64 | 1.0.1 | 34.42 | 118.99 | 153.41 | OK | |
r-release-linux-x86_64 | 1.0.1 | 34.14 | 117.29 | 151.43 | OK | |
r-release-macos-arm64 | 1.0.1 | 68.00 | OK | |||
r-release-macos-x86_64 | 1.0.1 | 103.00 | OK | |||
r-release-windows-x86_64 | 1.0.1 | 45.00 | 154.00 | 199.00 | OK | |
r-oldrel-macos-arm64 | 1.0.1 | 56.00 | NOTE | |||
r-oldrel-macos-x86_64 | 1.0.1 | 96.00 | NOTE | |||
r-oldrel-windows-x86_64 | 1.0.1 | 43.00 | 148.00 | 191.00 | OK |
Version: 1.0.1
Check: data for non-ASCII characters
Result: NOTE
Note: found 58 marked UTF-8 strings
Flavors: r-devel-linux-x86_64-fedora-clang, r-devel-linux-x86_64-fedora-gcc, r-oldrel-macos-arm64, r-oldrel-macos-x86_64