CRAN Package Check Results for Package ivdoctr

Last updated on 2022-11-28 04:54:44 CET.

Flavor Version Tinstall Tcheck Ttotal Status Flags
r-devel-linux-x86_64-debian-clang 1.0.1 44.28 122.67 166.95 OK
r-devel-linux-x86_64-debian-gcc 1.0.1 29.31 90.75 120.06 OK
r-devel-linux-x86_64-fedora-clang 1.0.1 220.81 NOTE
r-devel-linux-x86_64-fedora-gcc 1.0.1 217.84 NOTE
r-devel-windows-x86_64 1.0.1 63.00 178.00 241.00 OK
r-patched-linux-x86_64 1.0.1 34.24 114.68 148.92 OK
r-release-linux-x86_64 1.0.1 36.63 111.05 147.68 OK
r-release-macos-arm64 1.0.1 56.00 NOTE
r-release-macos-x86_64 1.0.1 96.00 NOTE
r-release-windows-x86_64 1.0.1 68.00 174.00 242.00 OK
r-oldrel-macos-arm64 1.0.1 47.00 NOTE
r-oldrel-macos-x86_64 1.0.1 75.00 NOTE
r-oldrel-windows-ix86+x86_64 1.0.1 95.00 204.00 299.00 OK

Check Details

Version: 1.0.1
Check: data for non-ASCII characters
Result: NOTE
     Note: found 58 marked UTF-8 strings
Flavors: r-devel-linux-x86_64-fedora-clang, r-devel-linux-x86_64-fedora-gcc, r-release-macos-arm64, r-release-macos-x86_64, r-oldrel-macos-arm64, r-oldrel-macos-x86_64