CRAN Package Check Results for Package ivmte

Last updated on 2024-06-25 07:06:23 CEST.

Flavor Version Tinstall Tcheck Ttotal Status Flags
r-devel-linux-x86_64-debian-clang 1.4.0 17.02 110.82 127.84 NOTE --no-vignettes
r-devel-linux-x86_64-debian-gcc 1.4.0 13.62 80.14 93.76 NOTE --no-vignettes
r-devel-linux-x86_64-fedora-clang 1.4.0 165.31 NOTE --no-vignettes
r-devel-linux-x86_64-fedora-gcc 1.4.0 151.77 NOTE --no-vignettes
r-devel-windows-x86_64 1.4.0 15.00 105.00 120.00 NOTE --no-vignettes
r-patched-linux-x86_64 1.4.0 23.38 106.77 130.15 NOTE --no-vignettes
r-release-linux-x86_64 1.4.0 18.62 104.22 122.84 NOTE --no-vignettes
r-release-macos-arm64 1.4.0 636.00 NOTE
r-release-macos-x86_64 1.4.0 1136.00 NOTE
r-release-windows-x86_64 1.4.0 16.00 109.00 125.00 NOTE --no-vignettes
r-oldrel-macos-arm64 1.4.0 670.00 NOTE
r-oldrel-macos-x86_64 1.4.0 1354.00 NOTE
r-oldrel-windows-x86_64 1.4.0 16.00 131.00 147.00 NOTE --no-vignettes

Check Details

Version: 1.4.0
Flags: --no-vignettes
Check: package dependencies
Result: NOTE Packages suggested but not available for checking: 'gurobi', 'cplexAPI' Flavors: r-devel-linux-x86_64-debian-clang, r-devel-linux-x86_64-debian-gcc, r-devel-linux-x86_64-fedora-clang, r-devel-linux-x86_64-fedora-gcc, r-devel-windows-x86_64, r-patched-linux-x86_64, r-release-linux-x86_64, r-release-windows-x86_64, r-oldrel-windows-x86_64

Version: 1.4.0
Flags: --no-vignettes
Check: Rd files
Result: NOTE checkRd: (-1) sTsls.Rd:17: Lost braces; missing escapes or markup? 17 | \item{pi}{the matrix E[XZ']E[ZZ']^{-1}} | ^ checkRd: (-1) sTslsSplines.Rd:20: Lost braces; missing escapes or markup? 20 | \item{pi}{matrix, corresponds to E[XZ']E[ZZ']^{-1}, the first stage | ^ Flavors: r-devel-linux-x86_64-debian-clang, r-devel-linux-x86_64-debian-gcc, r-devel-linux-x86_64-fedora-clang, r-devel-linux-x86_64-fedora-gcc, r-devel-windows-x86_64, r-patched-linux-x86_64, r-release-linux-x86_64, r-release-windows-x86_64

Version: 1.4.0
Check: package dependencies
Result: NOTE Packages suggested but not available for checking: 'gurobi', 'cplexAPI' Flavors: r-release-macos-arm64, r-release-macos-x86_64, r-oldrel-macos-arm64, r-oldrel-macos-x86_64

Version: 1.4.0
Check: Rd files
Result: NOTE checkRd: (-1) sTsls.Rd:17: Lost braces; missing escapes or markup? 17 | \item{pi}{the matrix E[XZ']E[ZZ']^{-1}} | ^ checkRd: (-1) sTslsSplines.Rd:20: Lost braces; missing escapes or markup? 20 | \item{pi}{matrix, corresponds to E[XZ']E[ZZ']^{-1}, the first stage | ^ Flavors: r-release-macos-arm64, r-release-macos-x86_64