CRAN Package Check Results for Package jackalope

Last updated on 2022-09-27 05:52:15 CEST.

Flavor Version Tinstall Tcheck Ttotal Status Flags
r-devel-linux-x86_64-debian-clang 1.1.3 303.08 57.56 360.64 NOTE
r-devel-linux-x86_64-debian-gcc 1.1.3 254.34 43.35 297.69 NOTE
r-devel-linux-x86_64-fedora-clang 1.1.3 560.05 NOTE
r-devel-linux-x86_64-fedora-gcc 1.1.3 499.24 NOTE
r-devel-windows-x86_64 1.1.3 430.00 156.00 586.00 NOTE
r-patched-linux-x86_64 1.1.3 279.15 53.73 332.88 NOTE
r-release-linux-x86_64 1.1.3 258.61 53.59 312.20 NOTE
r-release-macos-arm64 1.1.3 123.00 NOTE
r-release-macos-x86_64 1.1.3 157.00 NOTE
r-release-windows-x86_64 1.1.3 262.00 157.00 419.00 NOTE
r-oldrel-macos-arm64 1.1.3 161.00 NOTE
r-oldrel-macos-x86_64 1.1.3 151.00 NOTE
r-oldrel-windows-ix86+x86_64 1.1.3 775.00 144.00 919.00 NOTE

Check Details

Version: 1.1.3
Check: for GNU extensions in Makefiles
Result: NOTE
    GNU make is a SystemRequirements.
Flavors: r-devel-linux-x86_64-debian-clang, r-devel-linux-x86_64-debian-gcc, r-devel-linux-x86_64-fedora-clang, r-devel-linux-x86_64-fedora-gcc, r-devel-windows-x86_64, r-patched-linux-x86_64, r-release-linux-x86_64, r-release-macos-arm64, r-release-macos-x86_64, r-release-windows-x86_64, r-oldrel-macos-arm64, r-oldrel-macos-x86_64, r-oldrel-windows-ix86+x86_64

Version: 1.1.3
Check: installed package size
Result: NOTE
     installed size is 10.8Mb
     sub-directories of 1Mb or more:
     art_profiles 1.5Mb
     libs 8.5Mb
Flavors: r-devel-windows-x86_64, r-release-macos-arm64, r-release-macos-x86_64, r-release-windows-x86_64, r-oldrel-macos-arm64, r-oldrel-macos-x86_64, r-oldrel-windows-ix86+x86_64